{"id":971,"date":"2017-10-27T22:20:08","date_gmt":"2017-10-27T19:20:08","guid":{"rendered":"http:\/\/lauska.lv\/veikalsbeta\/?post_type=product&#038;p=971"},"modified":"2024-12-06T10:52:47","modified_gmt":"2024-12-06T08:52:47","slug":"lai-masina-rotajas","status":"publish","type":"product","link":"https:\/\/lauska.lv\/veikals\/Preces\/lai-masina-rotajas\/","title":{"rendered":"Lai m\u0101si\u0146a rot\u0101j\u0101s"},"content":{"rendered":"<p>D\u016bdu un bungu grupai &#8220;Au\u013ci&#8221; un etno m\u016bzikas grupai &#8220;Tautumeitas&#8221;, sadarbojoties kop\u012bg\u0101 projekt\u0101, ir tapis m\u016bzikas albums &#8221; Lai m\u0101si\u0146a rot\u0101j\u0101s&#8221;. Taj\u0101 tiek izsp\u0113l\u0113ts un izdzied\u0101ts cilv\u0113ka dz\u012bv\u0113 noz\u012bm\u012bgais prec\u012bbu un k\u0101zu posms. Au\u013cu d\u016bdu un bungu sp\u0113c\u012bgais skan\u0113jums p\u0101rst\u0101v v\u012bri\u0161\u0137o sp\u0113ku, bet Tautumeitas ar izteikti maig\u0101ku skan\u0113jumu, tom\u0113r gana jaud\u012bgu daudzbals\u012bgo dzied\u0101\u0161anu, p\u0101rst\u0101v sievi\u0161\u0137o. T\u0101pat k\u0101 dz\u012bv\u0113 jaunajam p\u0101rim p\u0113c k\u0101z\u0101m ir j\u0101iem\u0101c\u0101s sadz\u012bvot, lai viens nenom\u0101ktu otru, ar\u012b m\u016bzik\u0101 &#8220;Au\u013ci&#8221; un &#8220;Tautumeitas&#8221; mekl\u0113 saska\u0146u, viens otru papildinot.<\/p>\n","protected":false},"excerpt":{"rendered":"<p><strong>Izpild\u012bt\u0101js<\/strong>\u00a0<a href=\"http:\/\/lauska.lv\/veikals\/makslinieki\/auli\/\" target=\"_blank\" rel=\"noopener\">Au\u013ci\u00a0<\/a>un <a href=\"http:\/\/lauska.lv\/veikals\/tautumeitas\/\" target=\"_blank\" rel=\"noopener\">Tautumeitas<\/a><\/p>\n<p><strong>\u017danrs\u00a0<\/strong><a href=\"http:\/\/lauska.lv\/veikals\/post-folks\/\">Post-folks<\/a><\/p>\n","protected":false},"featured_media":972,"template":"","meta":{"jetpack_post_was_ever_published":false,"jetpack_publicize_message":"","jetpack_is_tweetstorm":false,"jetpack_publicize_feature_enabled":true,"jetpack_social_post_already_shared":true,"jetpack_social_options":{"image_generator_settings":{"template":"highway","enabled":false}}},"product_cat":[119,101,252,224,249],"product_tag":[46],"jetpack_publicize_connections":[],"jetpack_sharing_enabled":true,"_links":{"self":[{"href":"https:\/\/lauska.lv\/veikals\/wp-json\/wp\/v2\/product\/971"}],"collection":[{"href":"https:\/\/lauska.lv\/veikals\/wp-json\/wp\/v2\/product"}],"about":[{"href":"https:\/\/lauska.lv\/veikals\/wp-json\/wp\/v2\/types\/product"}],"wp:featuredmedia":[{"embeddable":true,"href":"https:\/\/lauska.lv\/veikals\/wp-json\/wp\/v2\/media\/972"}],"wp:attachment":[{"href":"https:\/\/lauska.lv\/veikals\/wp-json\/wp\/v2\/media?parent=971"}],"wp:term":[{"taxonomy":"product_cat","embeddable":true,"href":"https:\/\/lauska.lv\/veikals\/wp-json\/wp\/v2\/product_cat?post=971"},{"taxonomy":"product_tag","embeddable":true,"href":"https:\/\/lauska.lv\/veikals\/wp-json\/wp\/v2\/product_tag?post=971"}],"curies":[{"name":"wp","href":"https:\/\/api.w.org\/{rel}","templated":true}]}}