{"id":967,"date":"2017-11-27T22:16:28","date_gmt":"2017-11-27T20:16:28","guid":{"rendered":"http:\/\/lauska.lv\/veikalsbeta\/?post_type=product&#038;p=967"},"modified":"2018-10-05T00:25:39","modified_gmt":"2018-10-04T21:25:39","slug":"sazaroti","status":"publish","type":"product","link":"https:\/\/lauska.lv\/veikals\/Preces\/sazaroti\/","title":{"rendered":"Sazaroti"},"content":{"rendered":"<p>Grupa &#8220;Zari&#8221; ar savu pirmo albumu v\u0113las nodot klaus\u012bt\u0101jiem pavisam jaunu etno-skan\u0113jumu, kas \u0161o \u010detru gadu laik\u0101 no meditat\u012bv\u0101 folka p\u0101rtapis par daudz jaud\u012bg\u0101ku, elektronisko ska\u0146u pies\u0101tin\u0101t\u0101ku un eksperimentiem bag\u0101t\u0101ku m\u016bziku.<\/p>\n","protected":false},"excerpt":{"rendered":"<p><strong>Izpild\u012bt\u0101js<\/strong>\u00a0<a href=\"http:\/\/lauska.lv\/veikals\/zari\/\" target=\"_blank\" rel=\"noopener\">Zari<\/a><\/p>\n<p><strong>\u017danri\u00a0<\/strong><a href=\"http:\/\/lauska.lv\/veikals\/post-folks\/\">Post-folks<\/a><\/p>\n","protected":false},"featured_media":968,"template":"","meta":{"jetpack_post_was_ever_published":false,"jetpack_publicize_message":"","jetpack_is_tweetstorm":false,"jetpack_publicize_feature_enabled":true,"jetpack_social_post_already_shared":true,"jetpack_social_options":{"image_generator_settings":{"template":"highway","enabled":false}}},"product_cat":[101,252,249,245],"product_tag":[46],"jetpack_publicize_connections":[],"jetpack_sharing_enabled":false,"_links":{"self":[{"href":"https:\/\/lauska.lv\/veikals\/wp-json\/wp\/v2\/product\/967"}],"collection":[{"href":"https:\/\/lauska.lv\/veikals\/wp-json\/wp\/v2\/product"}],"about":[{"href":"https:\/\/lauska.lv\/veikals\/wp-json\/wp\/v2\/types\/product"}],"wp:featuredmedia":[{"embeddable":true,"href":"https:\/\/lauska.lv\/veikals\/wp-json\/wp\/v2\/media\/968"}],"wp:attachment":[{"href":"https:\/\/lauska.lv\/veikals\/wp-json\/wp\/v2\/media?parent=967"}],"wp:term":[{"taxonomy":"product_cat","embeddable":true,"href":"https:\/\/lauska.lv\/veikals\/wp-json\/wp\/v2\/product_cat?post=967"},{"taxonomy":"product_tag","embeddable":true,"href":"https:\/\/lauska.lv\/veikals\/wp-json\/wp\/v2\/product_tag?post=967"}],"curies":[{"name":"wp","href":"https:\/\/api.w.org\/{rel}","templated":true}]}}