{"id":942,"date":"2017-12-27T22:06:15","date_gmt":"2017-12-27T20:06:15","guid":{"rendered":"http:\/\/lauska.lv\/veikalsbeta\/?post_type=product&#038;p=942"},"modified":"2018-10-05T00:26:51","modified_gmt":"2018-10-04T21:26:51","slug":"muzam-saule-debesis","status":"publish","type":"product","link":"https:\/\/lauska.lv\/veikals\/Preces\/muzam-saule-debesis\/","title":{"rendered":"M\u016b\u017eam saule debes\u012bs"},"content":{"rendered":"<p>Folkroka grupa \u201eSymbolic\u201d uzrun\u0101 savus klaus\u012bt\u0101jus ar latvie\u0161u tautasdziesm\u0101s rodamo po\u0113tisko valodu un simboliku. Grupas m\u016bzik\u0101 domin\u0113 rokam rakstur\u012bgi ritmi un \u0123it\u0101ru skan\u0113jums apvienojum\u0101 ar kokles vai citu tautas m\u016bzikas instrumentu rad\u012bto noska\u0146u.<\/p>\n","protected":false},"excerpt":{"rendered":"<p><strong>Izpild\u012bt\u0101js<\/strong>\u00a0<a href=\"http:\/\/lauska.lv\/veikals\/symbolic\/\" target=\"_blank\" rel=\"noopener\">Symbolic<\/a><\/p>\n<p><strong>\u017danri\u00a0<\/strong><a href=\"http:\/\/lauska.lv\/veikals\/post-folks\/\">Post-folks<\/a><\/p>\n","protected":false},"featured_media":956,"template":"","meta":{"jetpack_post_was_ever_published":false,"jetpack_publicize_message":"","jetpack_is_tweetstorm":false,"jetpack_publicize_feature_enabled":true,"jetpack_social_post_already_shared":true,"jetpack_social_options":{"image_generator_settings":{"template":"highway","enabled":false}}},"product_cat":[220],"product_tag":[46],"jetpack_publicize_connections":[],"jetpack_sharing_enabled":false,"_links":{"self":[{"href":"https:\/\/lauska.lv\/veikals\/wp-json\/wp\/v2\/product\/942"}],"collection":[{"href":"https:\/\/lauska.lv\/veikals\/wp-json\/wp\/v2\/product"}],"about":[{"href":"https:\/\/lauska.lv\/veikals\/wp-json\/wp\/v2\/types\/product"}],"wp:featuredmedia":[{"embeddable":true,"href":"https:\/\/lauska.lv\/veikals\/wp-json\/wp\/v2\/media\/956"}],"wp:attachment":[{"href":"https:\/\/lauska.lv\/veikals\/wp-json\/wp\/v2\/media?parent=942"}],"wp:term":[{"taxonomy":"product_cat","embeddable":true,"href":"https:\/\/lauska.lv\/veikals\/wp-json\/wp\/v2\/product_cat?post=942"},{"taxonomy":"product_tag","embeddable":true,"href":"https:\/\/lauska.lv\/veikals\/wp-json\/wp\/v2\/product_tag?post=942"}],"curies":[{"name":"wp","href":"https:\/\/api.w.org\/{rel}","templated":true}]}}