{"id":6614,"date":"2019-09-11T11:36:45","date_gmt":"2019-09-11T08:36:45","guid":{"rendered":"http:\/\/lauska.lv\/veikals\/?post_type=product&#038;p=6614"},"modified":"2019-11-06T10:15:20","modified_gmt":"2019-11-06T08:15:20","slug":"sencu-balsis-voices-of-the-ancestors","status":"publish","type":"product","link":"https:\/\/lauska.lv\/veikals\/Preces\/sencu-balsis-voices-of-the-ancestors\/","title":{"rendered":"Sen\u010du balsis &#8211; Voices of the Ancestors"},"content":{"rendered":"<p>\u0160aj\u0101 album\u0101&#8221;Au\u013ci&#8221; sakaus\u0113 d\u016bdu un bungu m\u016bziku ar izteiksm\u012bgu vok\u0101lo izpild\u012bjumu, kas raksturo da\u017e\u0101du pasaules re\u0123ionu dzied\u0101\u0161anas trad\u012bcijas. Sp\u0113c\u012bgu v\u012bru balsu izpild\u012bjum\u0101 skan r\u012bkles dzied\u0101\u0161ana &#8211; Batzorig Vaanchig (Mongolija), joiko\u0161ana &#8211; Kai Somby (Norv\u0113\u0123ija), jodel\u0113\u0161ana &#8211; Albin Paulus (Austrija) un latvie\u0161u tautas dziesmas &#8211; Edgars Lipors (Latvija).<\/p>\n<p>Programmas &#8220;Sen\u010du balsis&#8221;\u00a0 sagatavo\u0161anas laik\u0101 Au\u013cu m\u016bzi\u0137i pa\u0161i dev\u0101s ce\u013cojumos uz viet\u0101m, kur radu\u0161\u0101s un dzirdamas \u0161\u012bs dzied\u0101\u0161anas trad\u012bcijas. Tagad ar m\u016bzikas pal\u012bdz\u012bbu, ce\u013cojum\u0101 var doties ar\u012b klaus\u012bt\u0101ji.<\/p>\n","protected":false},"excerpt":{"rendered":"<p><strong>Izpild\u012bt\u0101js<\/strong>\u00a0<a href=\"http:\/\/lauska.lv\/veikals\/makslinieki\/auli\/\" target=\"_blank\" rel=\"noopener noreferrer\">Au\u013ci <\/a><\/p>\n<p><strong>\u017danrs\u00a0<\/strong><a href=\"http:\/\/lauska.lv\/veikals\/post-folks\/\">Post-folks<\/a><\/p>\n","protected":false},"featured_media":6617,"template":"","meta":{"jetpack_post_was_ever_published":false,"jetpack_publicize_message":"","jetpack_is_tweetstorm":false,"jetpack_publicize_feature_enabled":true,"jetpack_social_post_already_shared":true,"jetpack_social_options":{"image_generator_settings":{"template":"highway","enabled":false}}},"product_cat":[119,101,252,224,249],"product_tag":[685],"jetpack_publicize_connections":[],"jetpack_sharing_enabled":true,"_links":{"self":[{"href":"https:\/\/lauska.lv\/veikals\/wp-json\/wp\/v2\/product\/6614"}],"collection":[{"href":"https:\/\/lauska.lv\/veikals\/wp-json\/wp\/v2\/product"}],"about":[{"href":"https:\/\/lauska.lv\/veikals\/wp-json\/wp\/v2\/types\/product"}],"wp:featuredmedia":[{"embeddable":true,"href":"https:\/\/lauska.lv\/veikals\/wp-json\/wp\/v2\/media\/6617"}],"wp:attachment":[{"href":"https:\/\/lauska.lv\/veikals\/wp-json\/wp\/v2\/media?parent=6614"}],"wp:term":[{"taxonomy":"product_cat","embeddable":true,"href":"https:\/\/lauska.lv\/veikals\/wp-json\/wp\/v2\/product_cat?post=6614"},{"taxonomy":"product_tag","embeddable":true,"href":"https:\/\/lauska.lv\/veikals\/wp-json\/wp\/v2\/product_tag?post=6614"}],"curies":[{"name":"wp","href":"https:\/\/api.w.org\/{rel}","templated":true}]}}