{"id":3392,"date":"2018-11-23T11:49:55","date_gmt":"2018-11-23T09:49:55","guid":{"rendered":"http:\/\/lauska.lv\/veikals\/products\/jurd-saknes-roots\/"},"modified":"2018-11-29T09:21:22","modified_gmt":"2018-11-29T07:21:22","slug":"jurd-saknes-roots","status":"publish","type":"product","link":"https:\/\/lauska.lv\/veikals\/products\/jurd-saknes-roots\/?lang=en","title":{"rendered":"J\u016brd. Saknes. Roots"},"content":{"rendered":"<p>The Saulkrasti mixed choir ANIMA and friends have created an album dedicated to their roots and cultural heritage. The folk song arrangements and original compositions on the album combine elements from choir, ethnic and world music and reflect the unique culture of the Livonians and related peoples living in Latvia.<\/p>\n","protected":false},"excerpt":{"rendered":"<p><b>Artists\u00a0<\/b><a href=\"http:\/\/lauska.lv\/veikals\/makslinieki\/anima-saulkrastu-jauktais-koris\/\" target=\"_blank\" rel=\"noopener\">Saulkrasti mixed choir ANIMA<\/a>, U\u0123is Prauli\u0146\u0161,\u00a0<a href=\"http:\/\/lauska.lv\/veikals\/makslinieki\/jansone-laima\/\" target=\"_blank\" rel=\"noopener\">Laima Jansone<\/a><\/p>\n<p><b>Genre\u00a0<\/b><a href=\"http:\/\/lauska.lv\/veikals\/choir-music\/?lang=en\" target=\"_blank\" rel=\"noopener\">Choir Music<\/a>, <a href=\"http:\/\/lauska.lv\/veikals\/post-folks\/\" target=\"_blank\" rel=\"noopener\">Post-Folk<\/a><\/p>\n","protected":false},"featured_media":3390,"template":"","meta":{"jetpack_post_was_ever_published":false,"jetpack_publicize_message":"","jetpack_is_tweetstorm":false,"jetpack_publicize_feature_enabled":true,"jetpack_social_post_already_shared":true,"jetpack_social_options":{"image_generator_settings":{"template":"highway","enabled":false}}},"product_cat":[675,678,405,545,260,354],"product_tag":[94],"jetpack_publicize_connections":[],"jetpack_sharing_enabled":true,"_links":{"self":[{"href":"https:\/\/lauska.lv\/veikals\/wp-json\/wp\/v2\/product\/3392"}],"collection":[{"href":"https:\/\/lauska.lv\/veikals\/wp-json\/wp\/v2\/product"}],"about":[{"href":"https:\/\/lauska.lv\/veikals\/wp-json\/wp\/v2\/types\/product"}],"wp:featuredmedia":[{"embeddable":true,"href":"https:\/\/lauska.lv\/veikals\/wp-json\/wp\/v2\/media\/3390"}],"wp:attachment":[{"href":"https:\/\/lauska.lv\/veikals\/wp-json\/wp\/v2\/media?parent=3392"}],"wp:term":[{"taxonomy":"product_cat","embeddable":true,"href":"https:\/\/lauska.lv\/veikals\/wp-json\/wp\/v2\/product_cat?post=3392"},{"taxonomy":"product_tag","embeddable":true,"href":"https:\/\/lauska.lv\/veikals\/wp-json\/wp\/v2\/product_tag?post=3392"}],"curies":[{"name":"wp","href":"https:\/\/api.w.org\/{rel}","templated":true}]}}