{"id":18550,"date":"2025-10-19T14:16:32","date_gmt":"2025-10-19T11:16:32","guid":{"rendered":"https:\/\/lauska.lv\/veikals\/?post_type=product&#038;p=18550"},"modified":"2025-10-19T14:31:06","modified_gmt":"2025-10-19T11:31:06","slug":"18550","status":"publish","type":"product","link":"https:\/\/lauska.lv\/veikals\/Preces\/18550\/","title":{"rendered":"SVIESTS 11"},"content":{"rendered":"<p>2005.gad\u0101 izn\u0101ca pirmais tautas m\u016bzikas albums Sviests. Taj\u0101 bija apkopoti 18 grupu ska\u0146darbi, kas tobr\u012bd raksturoja latvie\u0161u tautas m\u016bzikas skan\u0113jumu visda\u017e\u0101d\u0101kaj\u0101s interpret\u0101cij\u0101s. Tas bija s\u0101kums m\u016bzikas izdevniec\u012bbas \u201cLauska\u201d ilgtermi\u0146a projektam. P\u0113c 20 gadiem ir public\u0113ts nu jau vienpadsmitais \u0161\u0101da veida m\u016bzikas albums Sviests. Ideja joproj\u0101m ir palikusi nemain\u012bga \u2013 par\u0101d\u012bt cik da\u017e\u0101di, daudzveid\u012bgi, negaid\u012bti un kr\u0101\u0161\u0146i izpau\u017eas tradicion\u0101l\u0101s m\u016bzikas mantojums da\u017e\u0101du izpild\u012bt\u0101ju interpret\u0101cij\u0101s. Tautas m\u016bzikas trad\u012bcijas joproj\u0101m ir viens no latvie\u0161u m\u016bzikas identit\u0101tes st\u016brakme\u0146iem un taj\u0101s iedvesmu var rast praktiski jebkura \u017eanra m\u016bzikas izpild\u012bt\u0101ji. Turkl\u0101t uzrun\u0101t var gan melodijas, gan izpild\u012bjums, gan tautasdziesmu teksti, gan tradicion\u0101lie m\u016bzikas instrumenti, kas g\u016bst arvien pla\u0161\u0101ku pielietojumu.<\/p>\n<p>P\u0113c 20 gadiem ar\u012b \u0161aj\u0101 izdevum\u0101 atrad\u012bsim grupas, kas piedal\u012bj\u0101s pa\u0161a pirm\u0101 Sviesta kul\u0161an\u0101. Tie ir lieliskie \u201cR\u012bsa zvejnieki\u201d un ar\u012b \u00a0jaunie\u0161u folkloras kopa \u201cKokle\u201d, kur\u0101 pa \u0161o laiku nomain\u012bju\u0161ies dal\u012bbnieki, bet sp\u0113l\u0113tprieks noteikti nav mazin\u0101jies.<\/p>\n<p>Sviests 11 par\u0101da \u012bpa\u0161i pla\u0161u ietekmju un mijiedarb\u012bbu spektru. T\u0101 var b\u016bt saikne p\u0101ri laikiem, kad no jauna tiek izpild\u012bti pirms simt gadiem skan\u0113ju\u0161i fokstroti un zi\u0146\u0123es. T\u0101 ir ar\u012b p\u0101rrobe\u017eu ietekme, kad m\u016bzi\u0137i savij vair\u0101kas trad\u012bcijas un da\u017e\u0101du zemju muzik\u0101l\u0101s pieredzes. Tas viss no jauna apliecina muzikantu atv\u0113rt\u012bbu jauniem str\u0101vojumiem un sp\u0113ju tos rado\u0161i apvienot ar m\u016bsu muzik\u0101lo mantojumu un personisko pasaules izj\u016btu. T\u0101p\u0113c varam atkal klaus\u012bties 19 jaud\u012bgus un skan\u012bgus jaundarbus, kuru saknes ietiecas tautas trad\u012bcij\u0101.<\/p>\n<p>Paldies Valsts kult\u016brkapit\u0101la fondam.<\/p>\n<p><strong>Latv\u012bte Cirse<\/strong>: \u201cSviests 11. Sak\u016blu \u0161oreiz elektrisko ar akustisko\u2026\u201d<\/p>\n<p><strong>\u0112riks Zeps (TKP\/t\u0101 k\u0101 p\u0113rn)<\/strong>: Tas bija pirms gadiem trim. Gan jau t\u0101 bija k\u0101da 50. vai 100. \u0161\u012b dan\u010da sp\u0113l\u0113\u0161anas jubileja. Ie\u0161\u0101v\u0101s pr\u0101t\u0101 saj\u016bta, ka var\u0113tu k\u0101dreiz izm\u0113\u0123in\u0101t nedaudz pl\u016bsto\u0161\u0101ku \u201cE\u0146\u0123el\u012bti\u201d. Un saj\u016bta neatk\u0101p\u0101s &#8211; s\u0101kum\u0101 kaut kur sev\u012b, tad dz\u012bvokl\u012b, p\u0101ris stundas uz ri\u0146\u0137i sp\u0113l\u0113jot, l\u012bdz attopies, ka pietur\u0101 austi\u0146\u0101s klausies sevis iesp\u0113l\u0113to, smaidot un t\u0101 neman\u0101mi, bet pl\u016bsto\u0161i ar k\u0101j\u0101m: \u201cPap\u0113d\u2019s, pirkstgals, viens, div\u2019, tr\u012bs\u2026\u201d. \u0160opavasar piedzima. Un \u0161odien es ar t\u0101du jauku sv\u0113tku saj\u016btu klausos austi\u0146\u0101s jaun\u0101ko \u201cSviestu\u201d un t\u0101 neman\u0101mi, bet pl\u016bsto\u0161i ar k\u0101j\u0101m: \u201cPap\u0113d\u2019s, pirkstgals, viens, div\u2019, tr\u012bs\u2026\u201d<\/p>\n<p><strong>Aptiekas b\u0113ru ansamblis<\/strong>: \u201cSviests Vienpadsmit ir gais\u0101! Mums ir prieks b\u016bt kop\u012bg\u0101 album\u0101 ar daudziem for\u0161iem m\u016bzi\u0137iem. Zane \u0160mite\u00a0 &#8211; \u010dau, mammu!!!!\u201d<\/p>\n<p><strong>R\u0101mi riti<\/strong>: \u201cT\u0101ds skaists jaunums ierit\u0113jis pa Saul\u012btei! Kur ir m\u016bsu katra Laimes atsl\u0113dzi\u0146a? Kur to dab\u016bt? Un kad rok\u0101, ko ar to dar\u012bt? Klausies, ieklausies (uz k\u0101 nopietn\u0101ka k\u0101 telefons) un kas zina, varb\u016bt Laimes atsl\u0113dzi\u0146a atver jaunus apv\u0101r\u0161\u0146us!\u201d<\/p>\n","protected":false},"excerpt":{"rendered":"<p>IZPILD\u012aT\u0100JS SVIESTS<\/p>\n<div class=\"woocommerce-product-details__short-description\">\n<p>\u017dANRS\u00a0<a href=\"https:\/\/lauska.lv\/veikals\/post-folks\/\">Post-Folks<\/a><\/p>\n<\/div>\n","protected":false},"featured_media":18551,"template":"","meta":{"jetpack_post_was_ever_published":false,"jetpack_publicize_message":"","jetpack_is_tweetstorm":false,"jetpack_publicize_feature_enabled":true,"jetpack_social_post_already_shared":true,"jetpack_social_options":{"image_generator_settings":{"template":"highway","enabled":false}}},"product_cat":[760,132,111,163,252,203,207,737,749,229],"product_tag":[757],"jetpack_publicize_connections":[],"jetpack_sharing_enabled":true,"_links":{"self":[{"href":"https:\/\/lauska.lv\/veikals\/wp-json\/wp\/v2\/product\/18550"}],"collection":[{"href":"https:\/\/lauska.lv\/veikals\/wp-json\/wp\/v2\/product"}],"about":[{"href":"https:\/\/lauska.lv\/veikals\/wp-json\/wp\/v2\/types\/product"}],"wp:featuredmedia":[{"embeddable":true,"href":"https:\/\/lauska.lv\/veikals\/wp-json\/wp\/v2\/media\/18551"}],"wp:attachment":[{"href":"https:\/\/lauska.lv\/veikals\/wp-json\/wp\/v2\/media?parent=18550"}],"wp:term":[{"taxonomy":"product_cat","embeddable":true,"href":"https:\/\/lauska.lv\/veikals\/wp-json\/wp\/v2\/product_cat?post=18550"},{"taxonomy":"product_tag","embeddable":true,"href":"https:\/\/lauska.lv\/veikals\/wp-json\/wp\/v2\/product_tag?post=18550"}],"curies":[{"name":"wp","href":"https:\/\/api.w.org\/{rel}","templated":true}]}}