{"id":18273,"date":"2024-01-09T09:05:34","date_gmt":"2024-01-09T07:05:34","guid":{"rendered":"https:\/\/lauska.lv\/veikals\/?post_type=product&#038;p=18273"},"modified":"2024-01-09T09:05:35","modified_gmt":"2024-01-09T07:05:35","slug":"prusos-manas-kajas-autas","status":"publish","type":"product","link":"https:\/\/lauska.lv\/veikals\/Preces\/prusos-manas-kajas-autas\/","title":{"rendered":"Pr\u016b\u0161os manas k\u0101jas autas"},"content":{"rendered":"<p>Autors <a href=\"https:\/\/lauska.lv\/veikals\/makslinieki-2\/muktupavels-valdis\/\">Valdis Muktup\u0101vels<\/a><\/p>\n<div class=\"woocommerce-product-details__short-description\">\n<p>\u017danrs\u00a0<a href=\"https:\/\/lauska.lv\/veikals?page_id=867\">Liter\u0101ri diski un gr\u0101matas<\/a><\/p>\n<p>Gr\u0101mata m\u012bkstos v\u0101kos 96 lpp.<\/p>\n<\/div>\n","protected":false},"excerpt":{"rendered":"<p>Gr\u0101mata st\u0101sta par grupu \u201cRasa\u201d un t\u0101s izveidoto pr\u016b\u0161iem velt\u012bto programmu. \u0160\u012b programma tika ieska\u0146ota 1990. gad\u0101 Latvijas Radio un tagad ir pieejama interneta straum\u0113\u0161anas platform\u0101s. Gr\u0101mata un ieraksts ir spilgta liec\u012bba ne tikai par pr\u016b\u0161u v\u0113sturi un valodu, bet ar\u012b par Atmodas laiku, t\u0101 notikumiem, idej\u0101m, muzik\u0101laj\u0101m un m\u0101kslinieciskaj\u0101m izpausm\u0113m. Tom\u0113r \u0161\u012b t\u0113ma un emp\u0101tiska ieju\u0161an\u0101s pr\u016b\u0161u pasaul\u0113 varb\u016bt ar\u012b \u0161odien var veicin\u0101t un izrais\u012bt rado\u0161us turpin\u0101jumus.<\/p>\n<p>Valdis Muktup\u0101vels:<\/p>\n<p>\u201c\u201cPr\u016b\u0161os manas k\u0101jas autas\u201d \u2013 \u0161\u012b tautasdziesmas rinda aizved m\u016bs uz kop\u012bgo pag\u0101tni ar baltiskajiem br\u0101\u013ciem un kaimi\u0146iem, ko jaunajos laikos liktenis nav saudz\u0113jis: valoda apklususi, tauta izn\u012bcin\u0101ta, zeme saplos\u012bta. \u0160aj\u0101 gr\u0101mat\u0101 ir iez\u012bm\u0113ts ce\u013c\u0161 uz to, k\u0101 20.\u00a0gadsimta 80.\u00a0gados pr\u016b\u0161u pasaule pamaz\u0101m tika celta gaism\u0101 un uzrun\u0101ja l\u012bdzcilv\u0113kus. Uz laikmeta liec\u012bbu, atmi\u0146u un preses materi\u0101lu pamata apskat\u012bts k\u0101 rad\u0101s un darboj\u0101s Latvijas Kult\u016bras fonda grupa \u201cRasa\u201d, k\u0101 t\u0101 izveidoja pr\u016b\u0161u dziesmu programmu un k\u0101das bija t\u0101s muzik\u0101l\u0101s gaitas.\u201d<\/p>\n<p>Gr\u0101mat\u0101 iek\u013cauti ar\u012b fragmenti no sarun\u0101m ar \u201cRasas\u201d dal\u012bbniekiem Andri Veismani, Gitu Lanceri, Ilzi \u0160arkovsku, Ivetu T\u0101li un Gati Vanagu. Savuk\u0101rt 1990. gada ierakstiem pievienots ar\u012b 2023. gad\u0101 ieska\u0146ots ska\u0146darbs Ast dr\u016bkta b\u016brga.<\/p>\n<p>Albums \u201cPr\u016b\u0161os manas k\u0101jas autas\u201d pieejams \u0161eit: <a href=\"https:\/\/open.spotify.com\/album\/6XaLZ8LXoLlHvGGuCRgKuM\">https:\/\/open.spotify.com\/album\/6XaLZ8LXoLlHvGGuCRgKuM<\/a><\/p>\n","protected":false},"featured_media":18274,"template":"","meta":{"jetpack_post_was_ever_published":false,"jetpack_publicize_message":"","jetpack_is_tweetstorm":false,"jetpack_publicize_feature_enabled":true,"jetpack_social_post_already_shared":true,"jetpack_social_options":{"image_generator_settings":{"template":"highway","enabled":false}}},"product_cat":[101,251,182],"product_tag":[736],"jetpack_publicize_connections":[],"jetpack_sharing_enabled":true,"_links":{"self":[{"href":"https:\/\/lauska.lv\/veikals\/wp-json\/wp\/v2\/product\/18273"}],"collection":[{"href":"https:\/\/lauska.lv\/veikals\/wp-json\/wp\/v2\/product"}],"about":[{"href":"https:\/\/lauska.lv\/veikals\/wp-json\/wp\/v2\/types\/product"}],"wp:featuredmedia":[{"embeddable":true,"href":"https:\/\/lauska.lv\/veikals\/wp-json\/wp\/v2\/media\/18274"}],"wp:attachment":[{"href":"https:\/\/lauska.lv\/veikals\/wp-json\/wp\/v2\/media?parent=18273"}],"wp:term":[{"taxonomy":"product_cat","embeddable":true,"href":"https:\/\/lauska.lv\/veikals\/wp-json\/wp\/v2\/product_cat?post=18273"},{"taxonomy":"product_tag","embeddable":true,"href":"https:\/\/lauska.lv\/veikals\/wp-json\/wp\/v2\/product_tag?post=18273"}],"curies":[{"name":"wp","href":"https:\/\/api.w.org\/{rel}","templated":true}]}}