{"id":18249,"date":"2023-11-15T19:58:32","date_gmt":"2023-11-15T17:58:32","guid":{"rendered":"https:\/\/lauska.lv\/veikals\/?post_type=product&#038;p=18249"},"modified":"2024-02-17T08:09:50","modified_gmt":"2024-02-17T06:09:50","slug":"sviests-10","status":"publish","type":"product","link":"https:\/\/lauska.lv\/veikals\/Preces\/sviests-10\/","title":{"rendered":"SVIESTS 10"},"content":{"rendered":"<p>M\u0100KSLINIEKI Da\u017e\u0101di<\/p>\n<p>\u017dANRS <a href=\"https:\/\/lauska.lv\/veikals\/post-folks\/\" target=\"_blank\" rel=\"noopener\">Post-folks<\/a><\/p>\n","protected":false},"excerpt":{"rendered":"<p>Tautas m\u016bzika iedvesmo. Par to atkal liecina m\u016bsdienu tautas m\u016bzikas albums Sviests 10, kas ir n\u0101cis klaj\u0101 un pieejams gan interneta m\u016bzikas straum\u0113\u0161anas platform\u0101s, gan ar\u012b kompaktdiska form\u0101. Sviests izn\u0101k katru otro gadu un taj\u0101 ar saviem ska\u0146darbiem piedal\u0101s m\u016bzi\u0137i, grupas un apvien\u012bbas, kas sav\u0101 rado\u0161aj\u0101 darb\u012bb\u0101 ietekm\u0113jas un iedvesmojas tautas m\u016bzikas mantojum\u0101, to interpret\u0113jot laikmet\u012bg\u0101 veid\u0101. K\u0101 vienm\u0113r b\u016bs dzirdami daudzveid\u012bgi ska\u0146darbi, kuras varam saukt par tradicion\u0101lo m\u016bziku, etnom\u016bziku, postfolkloru, pasaules m\u016bziku.<\/p>\n<p>Album\u0101 ir iek\u013cauti 19 ori\u0123in\u0101lska\u0146darbi. Ar\u012b klaus\u012bt\u0101jiem, kuri r\u016bp\u012bgi seko l\u012bdzi etnom\u016bzikas noris\u0113m noteikti b\u016bs vair\u0101ki p\u0101rsteigumi un atkl\u0101jumi. B\u016bs gan jau labi zin\u0101mi m\u016bzi\u0137i jaun\u0101s apvien\u012bb\u0101s, gan jau sen paz\u012bstamas grupas, gan ar\u012b da\u017ei maz\u0101k dzird\u0113ti v\u0101rdi.<\/p>\n<p><strong>M\u0100KSLINIEKI<\/strong> Darja Leleko un K\u0101rlis Auz\u0101ns, Adri\u0101na Marta Gotlube, Ejueju, Aleksandrs Maijers, A.I.I.Z., Rasa, The Baltic Sisters and friends, Suitu sievas, suitu v\u012bri, suitu d\u016bdenieki, MM or\u0137estris, <a href=\"https:\/\/lauska.lv\/veikals\/makslinieki-2\/saucejas\/\">Sauc\u0113jas<\/a>, Kr\u0101ce, <a href=\"https:\/\/lauska.lv\/veikals\/makslinieki-2\/ogas\/\">Ogas<\/a>, <a href=\"https:\/\/lauska.lv\/veikals\/makslinieki-2\/garataka\/\">Garataka<\/a>, Dyrbyni, <a href=\"https:\/\/lauska.lv\/veikals\/makslinieki-2\/laiksne\/\">Laiksne<\/a>, Ivars \u0160tubis, <a href=\"https:\/\/lauska.lv\/veikals\/makslinieki-2\/lans\/\">L\u0101ns<\/a>, El\u012bna Ose un <a href=\"https:\/\/lauska.lv\/veikals\/makslinieki-2\/cirse-latvite\/\">Latv\u012bte Cirse<\/a>, L\u012bgas pH3, Vira un latvie\u0161u dziedo\u0161\u0101 apvien\u012bba \u017durba<br \/>\n<strong>\u017dANRS<\/strong> <a href=\"https:\/\/lauska.lv\/veikals\/produkta-kategorija\/zanri\/sviests\/\">Sviests<\/a>, <a href=\"https:\/\/lauska.lv\/veikals\/post-folks\/\" target=\"_blank\" rel=\"noopener\">Post-folks<\/a><\/p>\n","protected":false},"featured_media":18251,"template":"","meta":{"jetpack_post_was_ever_published":false,"jetpack_publicize_message":"","jetpack_is_tweetstorm":false,"jetpack_publicize_feature_enabled":true,"jetpack_social_post_already_shared":true,"jetpack_social_options":{"image_generator_settings":{"template":"highway","enabled":false}}},"product_cat":[15,742,743,745,132,741,101,747,165,167,748,744,739,207,737,249],"product_tag":[729],"jetpack_publicize_connections":[],"jetpack_sharing_enabled":true,"_links":{"self":[{"href":"https:\/\/lauska.lv\/veikals\/wp-json\/wp\/v2\/product\/18249"}],"collection":[{"href":"https:\/\/lauska.lv\/veikals\/wp-json\/wp\/v2\/product"}],"about":[{"href":"https:\/\/lauska.lv\/veikals\/wp-json\/wp\/v2\/types\/product"}],"wp:featuredmedia":[{"embeddable":true,"href":"https:\/\/lauska.lv\/veikals\/wp-json\/wp\/v2\/media\/18251"}],"wp:attachment":[{"href":"https:\/\/lauska.lv\/veikals\/wp-json\/wp\/v2\/media?parent=18249"}],"wp:term":[{"taxonomy":"product_cat","embeddable":true,"href":"https:\/\/lauska.lv\/veikals\/wp-json\/wp\/v2\/product_cat?post=18249"},{"taxonomy":"product_tag","embeddable":true,"href":"https:\/\/lauska.lv\/veikals\/wp-json\/wp\/v2\/product_tag?post=18249"}],"curies":[{"name":"wp","href":"https:\/\/api.w.org\/{rel}","templated":true}]}}