{"id":18118,"date":"2022-07-19T12:02:35","date_gmt":"2022-07-19T09:02:35","guid":{"rendered":"https:\/\/lauska.lv\/veikals\/products\/pa-apli-skanuplate\/"},"modified":"2022-07-19T12:22:26","modified_gmt":"2022-07-19T09:22:26","slug":"pa-apli-skanuplate","status":"publish","type":"product","link":"https:\/\/lauska.lv\/veikals\/products\/pa-apli-skanuplate\/?lang=en","title":{"rendered":"Pa apli &#8211; Vinyl"},"content":{"rendered":"<p>This album Pa apli (in circles) was recorded on the occasion of Haralds S\u012bmanis&#8217; 70th birthday. The songs represent a longer creative period with an emphasis on recent arrangements and cooperation with like-minded musicians. In this recording Haralds S\u012bmanis, Ilze Grunte and Andris Grunte are joined by singers Ieva Akuratere and Zane \u0160mite, percussionist Artis Orubs and guitarist Valdis Vanadzi\u0146\u0161. Almost all lyrics are the poetry of Arv\u012bds Ulme with whom S\u012bmanis has cooperated amost his entire creative life.<\/p>\n","protected":false},"excerpt":{"rendered":"<p><strong>Artist <\/strong><a href=\"https:\/\/lauska.lv\/veikals\/makslinieki\/simanis-haralds\/\" target=\"_blank\" rel=\"noopener\">Haralds S\u012bmanis<\/a><\/p>\n<p><strong>Genre <\/strong><a href=\"https:\/\/lauska.lv\/veikals\/dziesminieki-autormuzika\/\" target=\"_blank\" rel=\"noopener\">Singer-Songwriter<\/a><\/p>\n","protected":false},"featured_media":18115,"template":"","meta":{"jetpack_post_was_ever_published":false,"jetpack_publicize_message":"","jetpack_is_tweetstorm":false,"jetpack_publicize_feature_enabled":true,"jetpack_social_post_already_shared":true,"jetpack_social_options":{"image_generator_settings":{"template":"highway","enabled":false}}},"product_cat":[254,463],"product_tag":[725],"jetpack_publicize_connections":[],"jetpack_sharing_enabled":true,"_links":{"self":[{"href":"https:\/\/lauska.lv\/veikals\/wp-json\/wp\/v2\/product\/18118"}],"collection":[{"href":"https:\/\/lauska.lv\/veikals\/wp-json\/wp\/v2\/product"}],"about":[{"href":"https:\/\/lauska.lv\/veikals\/wp-json\/wp\/v2\/types\/product"}],"wp:featuredmedia":[{"embeddable":true,"href":"https:\/\/lauska.lv\/veikals\/wp-json\/wp\/v2\/media\/18115"}],"wp:attachment":[{"href":"https:\/\/lauska.lv\/veikals\/wp-json\/wp\/v2\/media?parent=18118"}],"wp:term":[{"taxonomy":"product_cat","embeddable":true,"href":"https:\/\/lauska.lv\/veikals\/wp-json\/wp\/v2\/product_cat?post=18118"},{"taxonomy":"product_tag","embeddable":true,"href":"https:\/\/lauska.lv\/veikals\/wp-json\/wp\/v2\/product_tag?post=18118"}],"curies":[{"name":"wp","href":"https:\/\/api.w.org\/{rel}","templated":true}]}}