{"id":17911,"date":"2021-04-07T09:42:43","date_gmt":"2021-04-07T06:42:43","guid":{"rendered":"http:\/\/lauska.lv\/veikals\/?post_type=product&#038;p=17911"},"modified":"2024-12-06T11:22:11","modified_gmt":"2024-12-06T09:22:11","slug":"daba","status":"publish","type":"product","link":"https:\/\/lauska.lv\/veikals\/Preces\/daba\/","title":{"rendered":"Dab\u0101"},"content":{"rendered":"<p>Izdevums \u201cDab\u0101\u201d apkopo Latvijas Kult\u016bras akad\u0113mijas tradicion\u0101l\u0101s dzied\u0101\u0161anas grupas \u201cSauc\u0113jas\u201d pieredzi unik\u0101l\u0101 projekt\u0101 \u201cTradicion\u0101l\u0101 dzied\u0101\u0161ana dabas akustiskaj\u0101 telp\u0101\u201d, kur\u0101 ietvertie tautasdziesmu ieska\u0146ojumi atkl\u0101j dzied\u0101\u0161anas procesu k\u0101 dzied\u0101t\u0101ju un da\u017e\u0101du Latvijas dabas ainavu skanisku mijiedarb\u012bbu. Grupas \u010detru gadu laik\u0101 veiktais darbs ir ietverts divos audio CD ar 60 dziesm\u0101m no visiem Latvijas novadiem. Gr\u0101mat\u0101 atrodami ar\u012b raksti par projekta \u012bsteno\u0161anas gait\u0101 uzkr\u0101to pieredzi un &#8220;Sauc\u0113ju&#8221; vad\u012bt\u0101jas Ivetas T\u0101les p\u0113t\u012bjums par dab\u0101 dzied\u0101\u0161anas trad\u012bciju atspogu\u013cojumu tautasdziesm\u0101s.<\/p>\n","protected":false},"excerpt":{"rendered":"<p><strong>IZPILD\u012aT\u0100JS\u00a0<\/strong><a href=\"http:\/\/lauska.lv\/veikals\/saucejas\/\" target=\"_blank\" rel=\"noopener\">Sauc\u0113jas<\/a><\/p>\n<p><strong>\u017dANRI<\/strong>\u00a0<a href=\"http:\/\/lauska.lv\/veikals\/literari-diski-un-gramatas\/\">Liter\u0101ri diski un gr\u0101matas<\/a>,\u00a0<a href=\"http:\/\/lauska.lv\/veikals\/folklora\/\">Folklora<\/a><\/p>\n<p><strong>ISBN<\/strong> 978-9934-875250<\/p>\n","protected":false},"featured_media":17912,"template":"","meta":{"jetpack_post_was_ever_published":false,"jetpack_publicize_message":"","jetpack_is_tweetstorm":false,"jetpack_publicize_feature_enabled":true,"jetpack_social_post_already_shared":true,"jetpack_social_options":{"image_generator_settings":{"template":"highway","enabled":false}}},"product_cat":[250,101,251,207],"product_tag":[720],"jetpack_publicize_connections":[],"jetpack_sharing_enabled":true,"_links":{"self":[{"href":"https:\/\/lauska.lv\/veikals\/wp-json\/wp\/v2\/product\/17911"}],"collection":[{"href":"https:\/\/lauska.lv\/veikals\/wp-json\/wp\/v2\/product"}],"about":[{"href":"https:\/\/lauska.lv\/veikals\/wp-json\/wp\/v2\/types\/product"}],"wp:featuredmedia":[{"embeddable":true,"href":"https:\/\/lauska.lv\/veikals\/wp-json\/wp\/v2\/media\/17912"}],"wp:attachment":[{"href":"https:\/\/lauska.lv\/veikals\/wp-json\/wp\/v2\/media?parent=17911"}],"wp:term":[{"taxonomy":"product_cat","embeddable":true,"href":"https:\/\/lauska.lv\/veikals\/wp-json\/wp\/v2\/product_cat?post=17911"},{"taxonomy":"product_tag","embeddable":true,"href":"https:\/\/lauska.lv\/veikals\/wp-json\/wp\/v2\/product_tag?post=17911"}],"curies":[{"name":"wp","href":"https:\/\/api.w.org\/{rel}","templated":true}]}}