{"id":17762,"date":"2020-06-25T21:09:57","date_gmt":"2020-06-25T18:09:57","guid":{"rendered":"http:\/\/lauska.lv\/veikals\/?post_type=product&#038;p=17762"},"modified":"2020-06-26T14:25:44","modified_gmt":"2020-06-26T11:25:44","slug":"mati-sarkana-veja","status":"publish","type":"product","link":"https:\/\/lauska.lv\/veikals\/Preces\/mati-sarkana-veja\/","title":{"rendered":"Mati sarkan\u0101 v\u0113j\u0101"},"content":{"rendered":"<p>\u201eMati sarkan\u0101 v\u0113j\u0101\u201d ir atkl\u0101ta \u00a0un person\u012bga liec\u012bba par Padomju laikmeta Latviju, kur\u0101 cit\u0101d\u0101kais un neatkar\u012bgais tika vis\u0101di apspiests un n\u012bcin\u0101ts. Alfr\u0113ds Stinkuls, draugu lok\u0101 paz\u012bstams k\u0101 Fredis, 20. gadsimta 70. un 80. gados bija viens no spilgt\u0101kajiem hipiju kust\u012bbas p\u0101rst\u0101vjiem Latvij\u0101. Gr\u0101mat\u0101 aprakst\u012btas epizodes ar daudziem m\u016bsdien\u0101s zin\u0101miem m\u016bzi\u0137iem, dzejniekiem, m\u0101ksliniekiem, k\u0101 Andris Gr\u012bnbergs, Ieva Akuratere, Valdis Muktup\u0101vels, Pits Andersons un citi. \u0160\u012b jaunie\u0161u kust\u012bba, kura iedvesmoj\u0101s no Rietumos valdo\u0161\u0101m m\u016bzikas str\u0101v\u0101m, uzved\u012bbas un \u0123\u0113rb\u0161an\u0101s stila, vienlaic\u012bgi bija nevardarb\u012bga preto\u0161an\u0101s valdo\u0161ajam padomju re\u017e\u012bmam, ar kuras p\u0101rst\u0101vjiem regul\u0101ri san\u0101ca konfliktsitu\u0101cijas. Gr\u0101mata ir spilgta laikmeta liec\u012bba un reiz\u0113 person\u012bgs skat\u012bjums, kas ievietojams soci\u0101l\u0101s un kult\u016bras atmi\u0146as darbu sarakst\u0101. Autora atmi\u0146\u0101s ir daudz spilgtu st\u0101stu, kuros par\u0101d\u0101s gan kult\u016bras darbinieki, gan ar\u012b politiskie disidenti, tai skait\u0101 Gun\u0101rs Astra.<\/p>\n<p>Lai neb\u016btu ikdien\u0101 j\u0101sastopas ar naid\u012bgo padomju ideolo\u0123iju, Alfr\u0113ds ilgsto\u0161i str\u0101d\u0101j\u0101 Br\u012bvdabas muzej\u0101 par naktssargu, k\u0101 ar\u012b iem\u0101c\u012bj\u0101s m\u0113be\u013cu taps\u0113\u0161anas un\u00a0 gr\u0101matsie\u0161anas arodus, ar kuriem var\u0113ja diezgan neatkar\u012bgi nopeln\u012bt sev iztiku un pl\u0101not savu laiku. 1970. gadu s\u0101kum\u0101 Alfr\u0113ds ar draugiem ieg\u0101d\u0101j\u0101s lauku m\u0101jas \u201eMe\u017euplejas\u201d\u00a0 pie Skujenes, kur iecer\u0113ja nodibin\u0101t kom\u016bnu, lai iekoptu latvie\u0161u viens\u0113tu un nodarbotos ar lauku darbiem, k\u0101 ar\u012b lai var\u0113tu dz\u012bvot saska\u0146\u0101 ar dabu, savu p\u0101rliec\u012bbu, sen\u010du trad\u012bcij\u0101m un b\u016bt neatkar\u012bgam no valdo\u0161\u0101 re\u017e\u012bma. Apzinoties, ka situ\u0101cija neuzlabojas un \u010dekas represij\u0101m pastiprinoties, rad\u0101s pl\u0101ns izce\u013cot no Latvijas, kas ar\u012b \u012bstenoj\u0101s 1986. gad\u0101, kad Alfr\u0113ds apprec\u0113j\u0101s ar Zviedrijas latvieti un p\u0113c daudzu \u0161\u0137\u0113r\u0161\u013cu p\u0101rvar\u0113\u0161anas sa\u0146\u0113ma at\u013cauju doties uz Rietumiem \u2013 k\u0101 toreiz lik\u0101s \u2013 uz neatgrie\u0161anos. Turpm\u0101k Alfr\u0113ds dz\u012bvoja Losand\u017eelos\u0101, ASV, kur bija nodibin\u0101jis baltie\u0161u dai\u013camatniec\u012bbas un m\u0101kslas salonu \u201eBaltic Crossroads\u201d . 2017.gad\u0101 Alfr\u0113ds Stinkuls repatri\u0113jas uz Latviju.<\/p>\n<p>\u0160obr\u012bd, saist\u012bb\u0101 ar materi\u0101liem un koment\u0101riem, kas par\u0101d\u0101s p\u0113c VDK materi\u0101lu publisko\u0161anas, Alfr\u0113da Stinkula liec\u012bbas ir \u012bpa\u0161i aktu\u0101las, jo t\u0101s s\u012bk\u0101s deta\u013c\u0101s atsedz padomju laiku repres\u012bvo iest\u0101\u017eu &#8211; gan milicijas, gan Valsts dro\u0161\u012bbas komitejas &#8211; darb\u012bbas metodes.<\/p>\n<p>Gr\u0101mat\u0101 daudz atspogu\u013cots un dokument\u0113ts ar\u012b Alfr\u0113da personiskais veids, k\u0101 sadz\u012bvot ar padomju realit\u0101ti \u2013 m\u0113\u0123in\u0101jums izveidot lauku s\u0113t\u0101 kopienu, patv\u0113rumu gan sev, gan ar\u012b draugiem un domubiedriem. \u0160\u012b ir romantiska, bet mazzin\u0101ma lappuse Latvijas padomju laika v\u0113stur\u0113 un, lai ar\u012b bija vair\u0101ki m\u0113\u0123in\u0101jumi veidot \u0161\u0101das kopienas, pagaid\u0101m dz\u012bve taj\u0101s nav pla\u0161i dokument\u0113ta un aprakst\u012bta.<\/p>\n<p>Gan Alfr\u0113ds pats, gan vi\u0146a draugi daudz fotograf\u0113ja un da\u013ca no att\u0113liem ir iek\u013cauti gr\u0101mat\u0101.<\/p>\n<p>\u0100rzem\u0113s Alfr\u0113dam Stinkulim izn\u0101ca gr\u0101mata \u201e\u012ak\u0161\u0137ojot pa Latviju\u201d kur\u0101 ir aprakst\u012bti un fotogr\u0101fij\u0101s dokument\u0113ti vi\u0146a ce\u013cojumi pa Latvijas laukiem, pilskalniem un da\u017e\u0101d\u0101m viet\u0101m un pieminek\u013ciem, kurus padomju laikos cent\u0101s nov\u0101kt vai izn\u012bcin\u0101t.<\/p>\n<p>&nbsp;<\/p>\n<div class=\"woocommerce-product-details__short-description\">\n<p>&nbsp;<\/p>\n<\/div>\n","protected":false},"excerpt":{"rendered":"<p>Autors Alfr\u0113ds Stinkuls<\/p>\n<div class=\"woocommerce-product-details__short-description\">\n<p>\u017danrs\u00a0<a href=\"\/veikals?page_id=867\">Liter\u0101ri diski un gr\u0101matas<\/a><\/p>\n<p>Gr\u0101mata cietos v\u0101kos 360 lpp.<\/p>\n<\/div>\n","protected":false},"featured_media":17763,"template":"","meta":{"jetpack_post_was_ever_published":false,"jetpack_publicize_message":"","jetpack_is_tweetstorm":false,"jetpack_publicize_feature_enabled":true,"jetpack_social_post_already_shared":true,"jetpack_social_options":{"image_generator_settings":{"template":"highway","enabled":false}}},"product_cat":[251],"product_tag":[712],"jetpack_publicize_connections":[],"jetpack_sharing_enabled":true,"_links":{"self":[{"href":"https:\/\/lauska.lv\/veikals\/wp-json\/wp\/v2\/product\/17762"}],"collection":[{"href":"https:\/\/lauska.lv\/veikals\/wp-json\/wp\/v2\/product"}],"about":[{"href":"https:\/\/lauska.lv\/veikals\/wp-json\/wp\/v2\/types\/product"}],"wp:featuredmedia":[{"embeddable":true,"href":"https:\/\/lauska.lv\/veikals\/wp-json\/wp\/v2\/media\/17763"}],"wp:attachment":[{"href":"https:\/\/lauska.lv\/veikals\/wp-json\/wp\/v2\/media?parent=17762"}],"wp:term":[{"taxonomy":"product_cat","embeddable":true,"href":"https:\/\/lauska.lv\/veikals\/wp-json\/wp\/v2\/product_cat?post=17762"},{"taxonomy":"product_tag","embeddable":true,"href":"https:\/\/lauska.lv\/veikals\/wp-json\/wp\/v2\/product_tag?post=17762"}],"curies":[{"name":"wp","href":"https:\/\/api.w.org\/{rel}","templated":true}]}}