{"id":1651,"date":"2009-03-28T12:58:58","date_gmt":"2018-08-30T11:00:25","guid":{"rendered":"http:\/\/lauska.lv\/veikalsbeta\/?post_type=product&#038;p=1651"},"modified":"2018-10-05T20:40:06","modified_gmt":"2018-10-05T17:40:06","slug":"te-man-tika","status":"publish","type":"product","link":"https:\/\/lauska.lv\/veikals\/products\/te-man-tika\/?lang=en","title":{"rendered":"Te man tika"},"content":{"rendered":"<p>The folk group Ba\u013c\u0137i from Liep\u0101ja sings Latvian folk songs about spring in this album.<\/p>\n<p>In this recording Ba\u013c\u0137i co-operated with the bagpipes and drums group\u00a0<a href=\"http:\/\/lauska.lv\/veikals\/izpilditaji\/auli\/\">Au\u013ci<\/a>\u00a0and the Rocksinger\u00a0Aivars Br\u012bze.<\/p>\n","protected":false},"excerpt":{"rendered":"<p><b>Artist\u00a0<\/b><a href=\"http:\/\/lauska.lv\/veikals\/artists\/balki\/?lang=en\" target=\"_blank\" rel=\"noopener\">Ba\u013c\u0137i<\/a><\/p>\n<p><strong>Genre\u00a0<\/strong><a href=\"http:\/\/lauska.lv\/veikals\/post-folk\/?lang=en\">Post-Folk<\/a><\/p>\n","protected":false},"featured_media":1359,"template":"","meta":{"jetpack_post_was_ever_published":false,"jetpack_publicize_message":"","jetpack_is_tweetstorm":false,"jetpack_publicize_feature_enabled":true,"jetpack_social_post_already_shared":true,"jetpack_social_options":{"image_generator_settings":{"template":"highway","enabled":false}}},"product_cat":[274,405,260,354],"product_tag":[74],"jetpack_publicize_connections":[],"jetpack_sharing_enabled":true,"_links":{"self":[{"href":"https:\/\/lauska.lv\/veikals\/wp-json\/wp\/v2\/product\/1651"}],"collection":[{"href":"https:\/\/lauska.lv\/veikals\/wp-json\/wp\/v2\/product"}],"about":[{"href":"https:\/\/lauska.lv\/veikals\/wp-json\/wp\/v2\/types\/product"}],"wp:featuredmedia":[{"embeddable":true,"href":"https:\/\/lauska.lv\/veikals\/wp-json\/wp\/v2\/media\/1359"}],"wp:attachment":[{"href":"https:\/\/lauska.lv\/veikals\/wp-json\/wp\/v2\/media?parent=1651"}],"wp:term":[{"taxonomy":"product_cat","embeddable":true,"href":"https:\/\/lauska.lv\/veikals\/wp-json\/wp\/v2\/product_cat?post=1651"},{"taxonomy":"product_tag","embeddable":true,"href":"https:\/\/lauska.lv\/veikals\/wp-json\/wp\/v2\/product_tag?post=1651"}],"curies":[{"name":"wp","href":"https:\/\/api.w.org\/{rel}","templated":true}]}}