{"id":1576,"date":"2017-08-27T21:51:24","date_gmt":"2018-08-30T06:51:46","guid":{"rendered":"http:\/\/lauska.lv\/veikalsbeta\/?post_type=product&#038;p=1576"},"modified":"2018-10-05T22:50:47","modified_gmt":"2018-10-05T19:50:47","slug":"op-2","status":"publish","type":"product","link":"https:\/\/lauska.lv\/veikals\/products\/op-2\/?lang=en","title":{"rendered":"Op. 2"},"content":{"rendered":"<p>The project has been created during experiments using innovative techniques and improvisation, both musicians have found their special sound and style, which also resulted in the recording of album \u2013 \u201cOp. 2\u201d. It includes folk songs performed in various dialects and languages, however, this album cannot be considered only as a folk music record because of extraordinary arrangement and performance, it tends to belong to the minimalist world of music.<\/p>\n<p>Other well-known musicians who participated in the recording &#8211; Artis G\u0101ga &#8211; saxophone, Aleksejs Bahirs &#8211; violin, Artis Orubs &#8211; percussions, Ivars Kalni\u0146\u0161 &#8211; clarinet and Laura Rozenberga &#8211; trombone.<\/p>\n","protected":false},"excerpt":{"rendered":"<p><strong>Artist\u00a0<\/strong><a href=\"http:\/\/lauska.lv\/veikals\/artists\/stanislav-yudin-asnate-rancane\/?lang=en\" target=\"_blank\" rel=\"noopener\">Stanislav Yudin &amp; Asnate Ranc\u0101ne<\/a><\/p>\n<p><strong>Genre\u00a0<\/strong><a href=\"http:\/\/lauska.lv\/veikals\/post-folk\/?lang=en\">Post-Folk<\/a><\/p>\n","protected":false},"featured_media":937,"template":"","meta":{"jetpack_post_was_ever_published":false,"jetpack_publicize_message":"","jetpack_is_tweetstorm":false,"jetpack_publicize_feature_enabled":true,"jetpack_social_post_already_shared":true,"jetpack_social_options":{"image_generator_settings":{"template":"highway","enabled":false}}},"product_cat":[472],"product_tag":[92],"jetpack_publicize_connections":[],"jetpack_sharing_enabled":false,"_links":{"self":[{"href":"https:\/\/lauska.lv\/veikals\/wp-json\/wp\/v2\/product\/1576"}],"collection":[{"href":"https:\/\/lauska.lv\/veikals\/wp-json\/wp\/v2\/product"}],"about":[{"href":"https:\/\/lauska.lv\/veikals\/wp-json\/wp\/v2\/types\/product"}],"wp:featuredmedia":[{"embeddable":true,"href":"https:\/\/lauska.lv\/veikals\/wp-json\/wp\/v2\/media\/937"}],"wp:attachment":[{"href":"https:\/\/lauska.lv\/veikals\/wp-json\/wp\/v2\/media?parent=1576"}],"wp:term":[{"taxonomy":"product_cat","embeddable":true,"href":"https:\/\/lauska.lv\/veikals\/wp-json\/wp\/v2\/product_cat?post=1576"},{"taxonomy":"product_tag","embeddable":true,"href":"https:\/\/lauska.lv\/veikals\/wp-json\/wp\/v2\/product_tag?post=1576"}],"curies":[{"name":"wp","href":"https:\/\/api.w.org\/{rel}","templated":true}]}}