{"id":1528,"date":"2003-08-28T14:05:37","date_gmt":"2003-08-28T11:05:37","guid":{"rendered":"http:\/\/lauska.lv\/veikalsbeta\/?post_type=product&#038;p=1528"},"modified":"2018-10-04T14:07:11","modified_gmt":"2018-10-04T11:07:11","slug":"es-jauna-budama","status":"publish","type":"product","link":"https:\/\/lauska.lv\/veikals\/Preces\/es-jauna-budama\/","title":{"rendered":"Es jauna b\u016bdama"},"content":{"rendered":"<p>\u0160aj\u0101 album\u0101 atrodamas gan gadiem sl\u012bp\u0113tas, izsp\u0113l\u0113tas, izdzied\u0101tas, gan ar\u012b vair\u0101kas diezgan nesen Laiksnes repertu\u0101r\u0101 ien\u0101ku\u0161as melodijas. Tematiski albuma dziesmas iek\u013caujas sievietes dz\u012bves visda\u017e\u0101d\u0101kaj\u0101s izpausm\u0113s un noska\u0146\u0101s. Par\u0101d\u0101s sieviete &#8211; l\u012bgava, sieviete &#8211; m\u0101sa, sieviete &#8211; meita, sieviete &#8211; m\u0101te. \u0160\u012b tematika vienm\u0113r veidojusi Laiksnes repertu\u0101ra pamatkodolu.<\/p>\n<p>&nbsp;<\/p>\n<p>&nbsp;<\/p>\n","protected":false},"excerpt":{"rendered":"<p><strong>Izpild\u012bt\u0101js<\/strong>\u00a0<a href=\"http:\/\/lauska.lv\/veikals\/laiksne\/\" target=\"_blank\" rel=\"noopener\">Laiksne<\/a><\/p>\n<p><strong>\u017danri\u00a0<\/strong><a href=\"http:\/\/lauska.lv\/veikals\/post-folks\/\" target=\"_blank\" rel=\"noopener\">Post-folks<\/a><\/p>\n","protected":false},"featured_media":1529,"template":"","meta":{"jetpack_post_was_ever_published":false,"jetpack_publicize_message":"","jetpack_is_tweetstorm":false,"jetpack_publicize_feature_enabled":true,"jetpack_social_post_already_shared":true,"jetpack_social_options":{"image_generator_settings":{"template":"highway","enabled":false}}},"product_cat":[250,101,165,249],"product_tag":[31],"jetpack_publicize_connections":[],"jetpack_sharing_enabled":true,"_links":{"self":[{"href":"https:\/\/lauska.lv\/veikals\/wp-json\/wp\/v2\/product\/1528"}],"collection":[{"href":"https:\/\/lauska.lv\/veikals\/wp-json\/wp\/v2\/product"}],"about":[{"href":"https:\/\/lauska.lv\/veikals\/wp-json\/wp\/v2\/types\/product"}],"wp:featuredmedia":[{"embeddable":true,"href":"https:\/\/lauska.lv\/veikals\/wp-json\/wp\/v2\/media\/1529"}],"wp:attachment":[{"href":"https:\/\/lauska.lv\/veikals\/wp-json\/wp\/v2\/media?parent=1528"}],"wp:term":[{"taxonomy":"product_cat","embeddable":true,"href":"https:\/\/lauska.lv\/veikals\/wp-json\/wp\/v2\/product_cat?post=1528"},{"taxonomy":"product_tag","embeddable":true,"href":"https:\/\/lauska.lv\/veikals\/wp-json\/wp\/v2\/product_tag?post=1528"}],"curies":[{"name":"wp","href":"https:\/\/api.w.org\/{rel}","templated":true}]}}