{"id":1520,"date":"2007-07-28T13:50:11","date_gmt":"2007-07-28T10:50:11","guid":{"rendered":"http:\/\/lauska.lv\/veikalsbeta\/?post_type=product&#038;p=1520"},"modified":"2018-10-04T14:33:24","modified_gmt":"2018-10-04T11:33:24","slug":"vel-nedzimusas-religijas-templi","status":"publish","type":"product","link":"https:\/\/lauska.lv\/veikals\/Preces\/vel-nedzimusas-religijas-templi\/","title":{"rendered":"V\u0113l nedzimu\u0161as reli\u0123ijas templ\u012b"},"content":{"rendered":"<p>Albums ir tapis sadarb\u012bb\u0101 ar Latvij\u0101 labi zin\u0101mu ska\u0146u eksperiment\u0113t\u0101ju Andri Ind\u0101nu, kur\u0161 ir vair\u0101ku muzik\u0101lu projektu autors un producents. Album\u0101 iek\u013caut\u0101s dziesmas ir ska\u0146u efektu un nian\u0161u bag\u0101tin\u0101tas, kas pie\u0161\u0137ir t\u0101m filmu m\u016bzikai l\u012bdz\u012bgu, kinematogr\u0101fisku skan\u0113jumu. Vienoto pamatt\u0113mu caurvij paral\u0113las ska\u0146u dimensijas kl\u0101tb\u016btne, kas skan\u0113jumu padara t\u0113lainu, asociat\u012bvi daudzsl\u0101\u0146ainu.<\/p>\n","protected":false},"excerpt":{"rendered":"<p><strong>Izpild\u012bt\u0101js<\/strong>\u00a0<a href=\"http:\/\/lauska.lv\/veikals\/daksis-imants\/\">Imants Daksis<\/a><\/p>\n<p><strong>\u017danri <\/strong><a href=\"http:\/\/lauska.lv\/veikals\/dziesminieki-autormuzika\/\">Dziesminieki \/ Autorm\u016bzika<\/a><\/p>\n","protected":false},"featured_media":1485,"template":"","meta":{"jetpack_post_was_ever_published":false,"jetpack_publicize_message":"","jetpack_is_tweetstorm":false,"jetpack_publicize_feature_enabled":true,"jetpack_social_post_already_shared":true,"jetpack_social_options":{"image_generator_settings":{"template":"highway","enabled":false}}},"product_cat":[133,49,101,249],"product_tag":[35],"jetpack_publicize_connections":[],"jetpack_sharing_enabled":true,"_links":{"self":[{"href":"https:\/\/lauska.lv\/veikals\/wp-json\/wp\/v2\/product\/1520"}],"collection":[{"href":"https:\/\/lauska.lv\/veikals\/wp-json\/wp\/v2\/product"}],"about":[{"href":"https:\/\/lauska.lv\/veikals\/wp-json\/wp\/v2\/types\/product"}],"wp:featuredmedia":[{"embeddable":true,"href":"https:\/\/lauska.lv\/veikals\/wp-json\/wp\/v2\/media\/1485"}],"wp:attachment":[{"href":"https:\/\/lauska.lv\/veikals\/wp-json\/wp\/v2\/media?parent=1520"}],"wp:term":[{"taxonomy":"product_cat","embeddable":true,"href":"https:\/\/lauska.lv\/veikals\/wp-json\/wp\/v2\/product_cat?post=1520"},{"taxonomy":"product_tag","embeddable":true,"href":"https:\/\/lauska.lv\/veikals\/wp-json\/wp\/v2\/product_tag?post=1520"}],"curies":[{"name":"wp","href":"https:\/\/api.w.org\/{rel}","templated":true}]}}