{"id":1457,"date":"2007-05-28T13:24:34","date_gmt":"2007-05-28T10:24:34","guid":{"rendered":"http:\/\/lauska.lv\/veikalsbeta\/?post_type=product&#038;p=1457"},"modified":"2024-01-29T18:26:07","modified_gmt":"2024-01-29T16:26:07","slug":"sviests-2","status":"publish","type":"product","link":"https:\/\/lauska.lv\/veikals\/Preces\/sviests-2\/","title":{"rendered":"SVIESTS 2"},"content":{"rendered":"<p>Sviests 2 turpina ieceri par\u0101d\u012bt to, kas pa\u0161reiz notiek latvie\u0161u tautas m\u016bzikas lauci\u0146\u0101. Sviests ir konkr\u0113ta un p\u0101rbaud\u012bta latviska v\u0113rt\u012bba &#8211; t\u012bra manta, kuras rad\u012b\u0161ana un saglab\u0101\u0161ana ir m\u016bsu pa\u0161u rok\u0101s. Visi albuma dal\u012bbnieki piedal\u0101s \u0161\u012b sviesta kul\u0161an\u0101, lai veidotu ko gar\u0161\u012bgu, vienreiz\u0113ju un savdab\u012bgu, \u0146emot par pamatu visv\u0113rt\u012bg\u0101k\u0101s izejvielas &#8211; sen\u0101s tautas dziesmas, instrumentus un melodijas.<\/p>\n","protected":false},"excerpt":{"rendered":"<p><strong>Izpild\u012bt\u0101ji<\/strong>\u00a0Da\u017e\u0101di Izpild\u012bt\u0101ji<\/p>\n<p><strong>\u017danri<\/strong>\u00a0<a href=\"http:\/\/lauska.lv\/veikals\/post-folks\/\">Post-folks<\/a><\/p>\n","protected":false},"featured_media":1461,"template":"","meta":{"jetpack_post_was_ever_published":false,"jetpack_publicize_message":"","jetpack_is_tweetstorm":false,"jetpack_publicize_feature_enabled":true,"jetpack_social_post_already_shared":true,"jetpack_social_options":{"image_generator_settings":{"template":"highway","enabled":false}}},"product_cat":[649,119,124,126,140,150,159,101,163,165,167,186,192,252,203,214,737,238,240,244,249],"product_tag":[35],"jetpack_publicize_connections":[],"jetpack_sharing_enabled":true,"_links":{"self":[{"href":"https:\/\/lauska.lv\/veikals\/wp-json\/wp\/v2\/product\/1457"}],"collection":[{"href":"https:\/\/lauska.lv\/veikals\/wp-json\/wp\/v2\/product"}],"about":[{"href":"https:\/\/lauska.lv\/veikals\/wp-json\/wp\/v2\/types\/product"}],"wp:featuredmedia":[{"embeddable":true,"href":"https:\/\/lauska.lv\/veikals\/wp-json\/wp\/v2\/media\/1461"}],"wp:attachment":[{"href":"https:\/\/lauska.lv\/veikals\/wp-json\/wp\/v2\/media?parent=1457"}],"wp:term":[{"taxonomy":"product_cat","embeddable":true,"href":"https:\/\/lauska.lv\/veikals\/wp-json\/wp\/v2\/product_cat?post=1457"},{"taxonomy":"product_tag","embeddable":true,"href":"https:\/\/lauska.lv\/veikals\/wp-json\/wp\/v2\/product_tag?post=1457"}],"curies":[{"name":"wp","href":"https:\/\/api.w.org\/{rel}","templated":true}]}}