{"id":12997,"date":"2020-01-16T22:22:00","date_gmt":"2020-01-16T20:22:00","guid":{"rendered":"http:\/\/lauska.lv\/veikals\/?post_type=product&#038;p=12997"},"modified":"2024-12-06T10:46:15","modified_gmt":"2024-12-06T08:46:15","slug":"dziesmas-no-aulejas-cd","status":"publish","type":"product","link":"https:\/\/lauska.lv\/veikals\/Preces\/dziesmas-no-aulejas-cd\/","title":{"rendered":"Dziesmas no Aulejas &#8211; CD"},"content":{"rendered":"<p>Aulejas tradicion\u0101l\u0101s m\u016bzikas ilgdz\u012bvo\u0161ana saist\u0101s ar etnogr\u0101fisk\u0101 ansamb\u013ca &#8220;Aulejas sievas&#8221; darb\u012bbu, kas ir viens no vec\u0101kajiem ansamb\u013ciem Latvij\u0101. Liela noz\u012bme ir ar\u012b tam, ka ansambli izveidoja spilgtas person\u012bbas un sp\u0113c\u012bgas dzied\u0101t\u0101jas, kuru ierakstos klausoties varam dzird\u0113t iev\u0113r\u012bbas cien\u012bgu tradicion\u0101l\u0101s dzied\u0101\u0161anas paraugu.<\/p>\n<p>Ilgsto\u0161i un r\u016bp\u012bgi klausoties \u0161o dzied\u0101t\u0101ju ierakstus, grupa &#8220;Tautumeitas&#8221; p\u0101r\u0146\u0113ma Aulejas tradicion\u0101l\u0101s dzied\u0101\u0161anas stilu. &#8220;Tautumeitu&#8221; izpratni par Aulejas vok\u0101lo stilu veidoja ar\u012b grupas idejas autores Asnates Ranc\u0101nes ieg\u016btie secin\u0101jumi sava bakalaura darba &#8220;Auejas laika Bolsu stilistika&#8221; rakst\u012b\u0161anas laik\u0101. \u0160o visu apg\u016bto zin\u0101\u0161anu atspogu\u013cojums klaus\u0101ms \u0161aj\u0101 album\u0101.<\/p>\n","protected":false},"excerpt":{"rendered":"<p><strong>IZPILD\u012aT\u0100JS\u00a0<\/strong><a href=\"http:\/\/lauska.lv\/veikals\/makslinieki\/tautumeitas\/\">Tautumeitas<\/a><\/p>\n<p><strong>\u017dANRS\u00a0<\/strong><a href=\"http:\/\/lauska.lv\/veikals\/folklora\/\">Folklora<\/a><\/p>\n","protected":false},"featured_media":12998,"template":"","meta":{"jetpack_post_was_ever_published":false,"jetpack_publicize_message":"","jetpack_is_tweetstorm":false,"jetpack_publicize_feature_enabled":true,"jetpack_social_post_already_shared":true,"jetpack_social_options":{"image_generator_settings":{"template":"highway","enabled":false}}},"product_cat":[15,224],"product_tag":[712],"jetpack_publicize_connections":[],"jetpack_sharing_enabled":true,"_links":{"self":[{"href":"https:\/\/lauska.lv\/veikals\/wp-json\/wp\/v2\/product\/12997"}],"collection":[{"href":"https:\/\/lauska.lv\/veikals\/wp-json\/wp\/v2\/product"}],"about":[{"href":"https:\/\/lauska.lv\/veikals\/wp-json\/wp\/v2\/types\/product"}],"wp:featuredmedia":[{"embeddable":true,"href":"https:\/\/lauska.lv\/veikals\/wp-json\/wp\/v2\/media\/12998"}],"wp:attachment":[{"href":"https:\/\/lauska.lv\/veikals\/wp-json\/wp\/v2\/media?parent=12997"}],"wp:term":[{"taxonomy":"product_cat","embeddable":true,"href":"https:\/\/lauska.lv\/veikals\/wp-json\/wp\/v2\/product_cat?post=12997"},{"taxonomy":"product_tag","embeddable":true,"href":"https:\/\/lauska.lv\/veikals\/wp-json\/wp\/v2\/product_tag?post=12997"}],"curies":[{"name":"wp","href":"https:\/\/api.w.org\/{rel}","templated":true}]}}