{"id":1002,"date":"2017-06-27T22:56:37","date_gmt":"2017-06-27T19:56:37","guid":{"rendered":"http:\/\/lauska.lv\/veikalsbeta\/?post_type=product&#038;p=1002"},"modified":"2018-10-05T00:05:10","modified_gmt":"2018-10-04T21:05:10","slug":"riga-paliek","status":"publish","type":"product","link":"https:\/\/lauska.lv\/veikals\/Preces\/riga-paliek\/","title":{"rendered":"R\u012bga paliek"},"content":{"rendered":"<p>Ansamb\u013ca \u201cV\u0113tras saites\u201d otrais albums \u201cR\u012bga paliek\u201d velt\u012bts visiem tiem cilv\u0113kiem, kuri m\u012bl R\u012bgu, Latviju un kuriem ir svar\u012bgi, kas ar to notiek. Taj\u0101 ir iek\u013cautas 11 kompoz\u012bcijas, kuras caurvij ne tikai da\u017e\u0101da veida kok\u013cu un \u0123it\u0101ras ska\u0146as, bet ar\u012b vok\u0101ls, p\u016b\u0161amie un ritma instrumenti. Katram ska\u0146darbam un dziesmai ir sava ra\u0161an\u0101s v\u0113sture, kuru ietekm\u0113jusi m\u016bzi\u0137u attieksme pret dz\u012bvi, da\u017e\u0101di notikumi un piedz\u012bvojumi. Albumam nosaukums ir izv\u0113l\u0113ts no O. V\u0101cie\u0161a dzejo\u013ca, kur\u0161 izmantots vien\u0101 no dziesm\u0101m.<\/p>\n<p>Lai ar\u012b \u201cV\u0113tras Saites\u201d ir paz\u012bstama k\u0101 instrument\u0101lu m\u016bziku sp\u0113l\u0113jo\u0161a apvien\u012bba, kuras skan\u0113jum\u0101 domin\u0113 elektrisk\u0101 kokle, \u0161aj\u0101 disk\u0101 ir iek\u013cautas ar\u012b vair\u0101kas dziesmas ar J. Rai\u0146a, I. Ziedo\u0146a, O. V\u0101cie\u0161a. un P. Eli\u0101ra dzeju. To iedzied\u0101\u0161an\u0101 piedal\u012bju\u0161ies dzied\u0101t\u0101ji J\u0101nis Bu\u0137elis, L\u012bva Dumpe, vok\u0101lais kvartets \u201cHarmony 4 Riga\u201d un pa\u0161i grupas dal\u012bbnieki.<\/p>\n<p>V\u0113l \u0161aj\u0101 album\u0101 kop\u0101 ar Latv\u012btes Cirses kokl\u0113m, \u0122irta Pav\u0113\u0146a \u0123it\u0101r\u0101m, An\u0161a Klu\u010da basiem un J\u0101\u0146a C\u012bru\u013ca d\u017eambi, ierakstos ir piedal\u012bju\u0161ies flautiste Ilona Kudi\u0146a, bundzinieks Andris Bui\u0137is, saksofonists Raivo Sta\u0161\u0101ns, trompetists J\u0101nis Amantovs un perkusionists Dmitrijs Jevsikovs. \u0160o m\u016bzi\u0137u devums \u201cV\u0113tras sai\u0161u\u201d m\u016bzikai ir pie\u0161\u0137\u012bris tembr\u0101lo un dinamisko daudzveid\u012bbu. Ska\u0146u in\u017eenieris \u2013 Kaspars B\u0101rbals, m\u0101kslinieks \u2013 Mat\u012bss Zvaigzne.<\/p>\n","protected":false},"excerpt":{"rendered":"<p><strong>M\u0101kslinieks\u00a0<\/strong><a href=\"http:\/\/lauska.lv\/veikals\/vetras-saites\/\" target=\"_blank\" rel=\"noopener\">V\u0113tras Saites<\/a><\/p>\n<p><strong>\u017danrs\u00a0<\/strong><a href=\"http:\/\/lauska.lv\/veikals\/post-folks\/\">Post-folks<\/a><\/p>\n","protected":false},"featured_media":1003,"template":"","meta":{"jetpack_post_was_ever_published":false,"jetpack_publicize_message":"","jetpack_is_tweetstorm":false,"jetpack_publicize_feature_enabled":true,"jetpack_social_post_already_shared":true,"jetpack_social_options":{"image_generator_settings":{"template":"highway","enabled":false}}},"product_cat":[132,101,252,237,249],"product_tag":[46],"jetpack_publicize_connections":[],"jetpack_sharing_enabled":false,"_links":{"self":[{"href":"https:\/\/lauska.lv\/veikals\/wp-json\/wp\/v2\/product\/1002"}],"collection":[{"href":"https:\/\/lauska.lv\/veikals\/wp-json\/wp\/v2\/product"}],"about":[{"href":"https:\/\/lauska.lv\/veikals\/wp-json\/wp\/v2\/types\/product"}],"wp:featuredmedia":[{"embeddable":true,"href":"https:\/\/lauska.lv\/veikals\/wp-json\/wp\/v2\/media\/1003"}],"wp:attachment":[{"href":"https:\/\/lauska.lv\/veikals\/wp-json\/wp\/v2\/media?parent=1002"}],"wp:term":[{"taxonomy":"product_cat","embeddable":true,"href":"https:\/\/lauska.lv\/veikals\/wp-json\/wp\/v2\/product_cat?post=1002"},{"taxonomy":"product_tag","embeddable":true,"href":"https:\/\/lauska.lv\/veikals\/wp-json\/wp\/v2\/product_tag?post=1002"}],"curies":[{"name":"wp","href":"https:\/\/api.w.org\/{rel}","templated":true}]}}