{"id":960,"date":"2018-08-27T22:10:53","date_gmt":"2018-08-27T19:10:53","guid":{"rendered":"http:\/\/lauska.lv\/veikals\/makslinieki\/oglite"},"modified":"2018-10-05T01:01:13","modified_gmt":"2018-10-04T22:01:13","slug":"oglite","status":"publish","type":"page","link":"https:\/\/lauska.lv\/veikals\/makslinieki-2\/oglite\/","title":{"rendered":"Ogl\u012bte"},"content":{"rendered":"\n<div class=\"wp-block-organic-profile-block\"><div class=\"organic-profile-content-title\"><nameartist>Ogl\u012bte<\/nameartist><hr\/><\/div><div class=\"organic-profile-content-flex\" style=\"text-align:left\"><div class=\"organic-profile-image\" style=\"background-image:url(http:\/\/lauska.lv\/veikalsbeta\/wp-content\/uploads\/sites\/6\/2018\/08\/Group_Oglite.jpg)\"><img decoding=\"async\" src=\"http:\/\/lauska.lv\/veikalsbeta\/wp-content\/uploads\/sites\/6\/2018\/08\/Group_Oglite.jpg\"\/><\/div><div class=\"organic-profile-content\" style=\"text-align:left\"><p><strong>L\u012bva Kr\u012bgere<\/strong>\u00a0balss<br\/><strong>Kar\u012bna Skreba<\/strong>\u00a0balss, vijole<br\/><strong>Marta Kole\u010da<\/strong>\u00a0balss<br\/><strong>Anitra Berga<\/strong>\u00a0balss, kokle<br\/><strong>Eduards \u017deiris<\/strong>\u00a0balss<br\/><strong>Gustavs Kole\u010dis<\/strong>\u00a0balss<br\/><strong>El\u012bza Skreba<\/strong>\u00a0balss, vijole, mandol\u012bna<br\/><strong>L\u012bva Ozola\u00a0<\/strong>balss, stabule<br\/><strong>Und\u012bne Simbirceva<\/strong>\u00a0balss, stabule<br\/><strong>El\u012bna Graudi\u0146a<\/strong>\u00a0balss<br\/><strong>Unigunda Meijere<\/strong>\u00a0balss, vijole<br\/><strong>Magdal\u0113na Meijere<\/strong>\u00a0balss, vijole, mandol\u012bna<br\/><strong>Ren\u0101te Lejiete<\/strong>\u00a0balss, ritmi<br\/><strong>Madara Rone<\/strong>\u00a0balss, mandol\u012bna<br\/><strong>Kevins Penners<\/strong>\u00a0balss, akordeons, varg\u0101ns<br\/><br\/>Ropa\u017eu novada b\u0113rnu un jaunie\u0161u folkloras kopa \u201cOgl\u012bte\u201d pamatsast\u0101v\u0101 ir b\u0113rni no 7 l\u012bdz 20 gadiem. Kopas dal\u012bbnieki dzied, dejo un apg\u016bst tradicion\u0101los m\u016bzikas instrumentus \u2013 kokli, stabuli, vijoli u.c. \u201cOgl\u012bte\u201d katru gadu piedal\u0101s Dzied\u0101t\u0101ju konkursos, da\u017e\u0101dos folkloras festiv\u0101los un koncertos. Koncerti notiek gan pa\u0161u m\u0101j\u0101s Ropa\u017eu novad\u0101, Pier\u012bg\u0101, R\u012bg\u0101 un ar\u012b citviet Latvij\u0101. Biju\u0161i ar\u012b \u0101rvalst\u012bs \u2013 festiv\u0101los Polij\u0101, \u010cehij\u0101, Slov\u0101kij\u0101, V\u0101cij\u0101, Zviedrij\u0101, D\u0101nij\u0101, \u012arij\u0101, Maskav\u0101, Lietuv\u0101, Be\u013c\u0123ij\u0101 un citviet.<br\/>Vad\u012bt\u0101ja Ligita \u0160reibere.<\/p><div class=\"organic-profile-social\"><\/div><\/div><\/div><\/div>\n\n\n<div class=\"woocommerce columns-4 \"><ul class=\"products columns-4\">\n<li class=\"product type-product post-930 status-publish first instock product_cat-folklora product_cat-katalogs product_cat-oglite product_cat-zanri product_tag-47 has-post-thumbnail taxable shipping-taxable purchasable product-type-simple\">\n\t<a href=\"https:\/\/lauska.lv\/veikals\/Preces\/lustite-mana-laimite-mana\/\" class=\"woocommerce-LoopProduct-link woocommerce-loop-product__link\"><img fetchpriority=\"high\" decoding=\"async\" width=\"324\" height=\"324\" src=\"https:\/\/lauska.lv\/veikals\/wp-content\/uploads\/sites\/6\/2018\/08\/Oglite_vaks-324x324.jpg\" class=\"attachment-woocommerce_thumbnail size-woocommerce_thumbnail\" alt=\"\" srcset=\"https:\/\/lauska.lv\/veikals\/wp-content\/uploads\/sites\/6\/2018\/08\/Oglite_vaks-324x324.jpg 324w, https:\/\/lauska.lv\/veikals\/wp-content\/uploads\/sites\/6\/2018\/08\/Oglite_vaks-100x100.jpg 100w, https:\/\/lauska.lv\/veikals\/wp-content\/uploads\/sites\/6\/2018\/08\/Oglite_vaks-150x150.jpg 150w\" sizes=\"(max-width: 324px) 100vw, 324px\" \/><h2 class=\"woocommerce-loop-product__title\">Lust\u012bte mana, laim\u012bte mana<\/h2>\n\t<span class=\"price\"><span class=\"woocommerce-Price-amount amount\"><bdi>10.00&nbsp;<span class=\"woocommerce-Price-currencySymbol\">&euro;<\/span><\/bdi><\/span> <small class=\"woocommerce-price-suffix\">iesk. PVN<\/small><\/span>\n<\/a><a href=\"?add-to-cart=930\" data-quantity=\"1\" class=\"button product_type_simple add_to_cart_button ajax_add_to_cart\" data-product_id=\"930\" data-product_sku=\"2018 CD076\" aria-label=\"Add to cart: &ldquo;Lust\u012bte mana, laim\u012bte mana&rdquo;\" aria-describedby=\"\" rel=\"nofollow\">+<\/a><\/li>\n<\/ul>\n<\/div>\n\n\n\n<h2 class=\"wp-block-heading\">Video<\/h2>\n\n\n\n<hr class=\"wp-block-separator\"\/>\n\n\n\n<figure class=\"wp-block-embed-youtube wp-block-embed is-type-video is-provider-youtube wp-has-aspect-ratio wp-embed-aspect-16-9\"><div class=\"wp-block-embed__wrapper\">\n<span class=\"embed-youtube\" style=\"text-align:center; display: block;\"><iframe class=\"youtube-player\" width=\"980\" height=\"552\" src=\"https:\/\/www.youtube.com\/embed\/BVDVpZRiZWU?version=3&#038;rel=1&#038;showsearch=0&#038;showinfo=1&#038;iv_load_policy=1&#038;fs=1&#038;hl=lv-LV&#038;autohide=2&#038;wmode=transparent\" allowfullscreen=\"true\" style=\"border:0;\" sandbox=\"allow-scripts allow-same-origin allow-popups allow-presentation allow-popups-to-escape-sandbox\"><\/iframe><\/span>\n<\/div><\/figure>\n","protected":false},"excerpt":{"rendered":"<p>Video<\/p>\n","protected":false},"author":2,"featured_media":0,"parent":218,"menu_order":0,"comment_status":"closed","ping_status":"closed","template":"page-group.php","meta":{"jetpack_post_was_ever_published":false,"footnotes":""},"categories":[559,574],"tags":[],"jetpack_sharing_enabled":true,"_links":{"self":[{"href":"https:\/\/lauska.lv\/veikals\/wp-json\/wp\/v2\/pages\/960"}],"collection":[{"href":"https:\/\/lauska.lv\/veikals\/wp-json\/wp\/v2\/pages"}],"about":[{"href":"https:\/\/lauska.lv\/veikals\/wp-json\/wp\/v2\/types\/page"}],"author":[{"embeddable":true,"href":"https:\/\/lauska.lv\/veikals\/wp-json\/wp\/v2\/users\/2"}],"replies":[{"embeddable":true,"href":"https:\/\/lauska.lv\/veikals\/wp-json\/wp\/v2\/comments?post=960"}],"version-history":[{"count":3,"href":"https:\/\/lauska.lv\/veikals\/wp-json\/wp\/v2\/pages\/960\/revisions"}],"predecessor-version":[{"id":3226,"href":"https:\/\/lauska.lv\/veikals\/wp-json\/wp\/v2\/pages\/960\/revisions\/3226"}],"up":[{"embeddable":true,"href":"https:\/\/lauska.lv\/veikals\/wp-json\/wp\/v2\/pages\/218"}],"wp:attachment":[{"href":"https:\/\/lauska.lv\/veikals\/wp-json\/wp\/v2\/media?parent=960"}],"wp:term":[{"taxonomy":"category","embeddable":true,"href":"https:\/\/lauska.lv\/veikals\/wp-json\/wp\/v2\/categories?post=960"},{"taxonomy":"post_tag","embeddable":true,"href":"https:\/\/lauska.lv\/veikals\/wp-json\/wp\/v2\/tags?post=960"}],"curies":[{"name":"wp","href":"https:\/\/api.w.org\/{rel}","templated":true}]}}