{"id":845,"date":"2018-08-27T20:34:55","date_gmt":"2018-08-27T17:34:55","guid":{"rendered":"http:\/\/lauska.lv\/veikals\/makslinieki\/martuzeva-bronislava"},"modified":"2018-10-05T00:27:08","modified_gmt":"2018-10-04T21:27:08","slug":"martuzeva-bronislava","status":"publish","type":"page","link":"https:\/\/lauska.lv\/veikals\/makslinieki-2\/martuzeva-bronislava\/","title":{"rendered":"Martu\u017eeva Bro\u0146islava"},"content":{"rendered":"\n<div class=\"wp-block-organic-profile-block\"><div class=\"organic-profile-content-title\"><nameartist>Bro\u0146islava Martu\u017eeva<\/nameartist><hr\/><\/div><div class=\"organic-profile-content-flex\" style=\"text-align:left\"><div class=\"organic-profile-image\" style=\"background-image:url(http:\/\/lauska.lv\/veikalsbeta\/wp-content\/uploads\/sites\/6\/2018\/08\/Group_Martuzeva.jpg)\"><img decoding=\"async\" src=\"http:\/\/lauska.lv\/veikalsbeta\/wp-content\/uploads\/sites\/6\/2018\/08\/Group_Martuzeva.jpg\"\/><\/div><div class=\"organic-profile-content\" style=\"text-align:left\"><p>Dzejniece Bro\u0146islava Martu\u017eeva\u00a0(1924-2012) dzimusi Latgal\u0113, B\u0113rzpils pagasta Slav\u012btu s\u0101d\u017e\u0101, bet kop\u0161 1928.gada \u0123imene dz\u012bvoja Vidzem\u0113, saglab\u0101jot un uzturot kato\u013cu un latgalisk\u0101s dz\u012bves trad\u012bcijas un ikdien\u0101 sarun\u0101joties tikai latgaliski. Martu\u017eevi iesaist\u012bj\u0101s p\u0113ckara Nacion\u0101l\u0101s Preto\u0161an\u0101s kust\u012bb\u0101, t\u0101p\u0113c Bro\u0146islava piecus gadus l\u012bdz 1951.gada 14.febru\u0101rim sl\u0113p\u0101s sav\u0101s \u0123imenes m\u0101j\u0101s \u201cLazdi\u0146\u0101s\u201d zem gr\u012bdas br\u0101\u013ca Cipriana ier\u012bkot\u0101 bunkur\u0101. Apcietin\u0101ja un noties\u0101ja visu dzimtu, Bro\u0146islavu ar m\u0101su un br\u0101li izs\u016bt\u012bja, no kurienes vi\u0146i atgriez\u0101s 1956.gad\u0101. Ilgu laiku B.Martu\u017eevai bija liegts public\u0113ties un vi\u0146as dzejo\u013ci tika izdoti ar pseidon\u012bmu. Tom\u0113r vi\u0146ai izn\u0101ku\u0161as vair\u0101kas dzejo\u013cu gr\u0101matas, vi\u0146a ir folkloras teic\u0113ja, sacer\u0113jusi meldi\u0146us gan pa\u0161as, gan citu autoru dzejo\u013ciem. 1994.gad\u0101 apbalvota ar Triju Zvaig\u017e\u0146u ordeni.<\/p><div class=\"organic-profile-social\"><\/div><\/div><\/div><\/div>\n\n\n<div class=\"woocommerce columns-4 \"><ul class=\"products columns-4\">\n<li class=\"product type-product post-1535 status-publish first outofstock product_cat-katalogs product_cat-literari-diski-un-gramatas product_cat-martuzeva-bronislava product_cat-zanri product_tag-32 has-post-thumbnail taxable shipping-taxable purchasable product-type-simple\">\n\t<a href=\"https:\/\/lauska.lv\/veikals\/Preces\/un-viss-klust-dziesma-beigas\/\" class=\"woocommerce-LoopProduct-link woocommerce-loop-product__link\"><img fetchpriority=\"high\" decoding=\"async\" width=\"324\" height=\"324\" src=\"https:\/\/lauska.lv\/veikals\/wp-content\/uploads\/sites\/6\/2018\/08\/Cover_bronislava_martuzeva_01-324x324.jpg\" class=\"attachment-woocommerce_thumbnail size-woocommerce_thumbnail\" alt=\"\" srcset=\"https:\/\/lauska.lv\/veikals\/wp-content\/uploads\/sites\/6\/2018\/08\/Cover_bronislava_martuzeva_01-324x324.jpg 324w, https:\/\/lauska.lv\/veikals\/wp-content\/uploads\/sites\/6\/2018\/08\/Cover_bronislava_martuzeva_01-100x100.jpg 100w, https:\/\/lauska.lv\/veikals\/wp-content\/uploads\/sites\/6\/2018\/08\/Cover_bronislava_martuzeva_01-150x150.jpg 150w\" sizes=\"(max-width: 324px) 100vw, 324px\" \/><h2 class=\"woocommerce-loop-product__title\">&#8230;un viss k\u013c\u016bst dziesma beig\u0101s<\/h2>\n\t<span class=\"price\"><span class=\"woocommerce-Price-amount amount\"><bdi>10.00&nbsp;<span class=\"woocommerce-Price-currencySymbol\">&euro;<\/span><\/bdi><\/span> <small class=\"woocommerce-price-suffix\">iesk. PVN<\/small><\/span>\n<\/a><a href=\"https:\/\/lauska.lv\/veikals\/Preces\/un-viss-klust-dziesma-beigas\/\" data-quantity=\"1\" class=\"button product_type_simple\" data-product_id=\"1535\" data-product_sku=\"2004 CD003\" aria-label=\"Read more about &ldquo;...un viss k\u013c\u016bst dziesma beig\u0101s&rdquo;\" aria-describedby=\"\" rel=\"nofollow\">Skat\u012bt<\/a><\/li>\n<\/ul>\n<\/div>\n","protected":false},"excerpt":{"rendered":"","protected":false},"author":2,"featured_media":0,"parent":218,"menu_order":0,"comment_status":"closed","ping_status":"closed","template":"page-group.php","meta":{"jetpack_post_was_ever_published":false,"footnotes":""},"categories":[559,572],"tags":[],"jetpack_sharing_enabled":true,"_links":{"self":[{"href":"https:\/\/lauska.lv\/veikals\/wp-json\/wp\/v2\/pages\/845"}],"collection":[{"href":"https:\/\/lauska.lv\/veikals\/wp-json\/wp\/v2\/pages"}],"about":[{"href":"https:\/\/lauska.lv\/veikals\/wp-json\/wp\/v2\/types\/page"}],"author":[{"embeddable":true,"href":"https:\/\/lauska.lv\/veikals\/wp-json\/wp\/v2\/users\/2"}],"replies":[{"embeddable":true,"href":"https:\/\/lauska.lv\/veikals\/wp-json\/wp\/v2\/comments?post=845"}],"version-history":[{"count":3,"href":"https:\/\/lauska.lv\/veikals\/wp-json\/wp\/v2\/pages\/845\/revisions"}],"predecessor-version":[{"id":3195,"href":"https:\/\/lauska.lv\/veikals\/wp-json\/wp\/v2\/pages\/845\/revisions\/3195"}],"up":[{"embeddable":true,"href":"https:\/\/lauska.lv\/veikals\/wp-json\/wp\/v2\/pages\/218"}],"wp:attachment":[{"href":"https:\/\/lauska.lv\/veikals\/wp-json\/wp\/v2\/media?parent=845"}],"wp:term":[{"taxonomy":"category","embeddable":true,"href":"https:\/\/lauska.lv\/veikals\/wp-json\/wp\/v2\/categories?post=845"},{"taxonomy":"post_tag","embeddable":true,"href":"https:\/\/lauska.lv\/veikals\/wp-json\/wp\/v2\/tags?post=845"}],"curies":[{"name":"wp","href":"https:\/\/api.w.org\/{rel}","templated":true}]}}