{"id":559,"date":"2018-08-27T15:29:17","date_gmt":"2018-08-27T12:29:17","guid":{"rendered":"http:\/\/lauska.lv\/veikals\/makslinieki\/ceidari"},"modified":"2018-10-04T22:23:24","modified_gmt":"2018-10-04T19:23:24","slug":"ceidari","status":"publish","type":"page","link":"https:\/\/lauska.lv\/veikals\/makslinieki-2\/ceidari\/","title":{"rendered":"Ceidari"},"content":{"rendered":"\n<div class=\"wp-block-organic-profile-block\"><div class=\"organic-profile-content-title\"><nameartist>Ceidari<\/nameartist><hr\/><\/div><div class=\"organic-profile-content-flex\" style=\"text-align:left\"><div class=\"organic-profile-image\" style=\"background-image:url(http:\/\/lauska.lv\/veikalsbeta\/wp-content\/uploads\/sites\/6\/2018\/08\/Group_Ceidari.jpg)\"><img decoding=\"async\" src=\"http:\/\/lauska.lv\/veikalsbeta\/wp-content\/uploads\/sites\/6\/2018\/08\/Group_Ceidari.jpg\"\/><\/div><div class=\"organic-profile-content\" style=\"text-align:left\"><p><strong>Marta Vaivode<\/strong><br\/><strong>Krist\u012bne Pokratniece<\/strong><br\/><strong>Ed\u012bte Husare<\/strong><br\/><strong>Daina Bla\u017e\u0113vica<\/strong><br\/><strong>Juris Vi\u013cums<\/strong><br\/><strong>Hel\u0113na Vi\u013cuma<\/strong><br\/><strong>Ilze Rudlapa<\/strong><br\/><strong>Egita Kanc\u0101ne<\/strong><br\/><strong>Inese Stre\u013c\u010da<\/strong><br\/><strong>Vineta Grig\u0101ne \u2013 Drande<\/strong><br\/><strong>Indra Lucjanova<\/strong><br\/><strong>Inese Grig\u0101ne<\/strong><br\/><strong>Gunta Luri\u0146a<\/strong><br\/><strong>L\u0101sma Muk\u0101ne<\/strong><br\/><strong>Anna K\u013cavi\u0146a<\/strong><br\/><strong>M\u0101ra Mortuz\u0101ne \u2013 Muravska<\/strong><br\/><strong>D\u0101vis Suharevskis<\/strong><br\/><strong>J\u0101nis Daugavietis<\/strong><br\/><br\/>\u201eCeidari\u201d ir Latgales Studentu centra folkloras kopa, kas darbojasR\u012bg\u0101, pulc\u0113jot tos, kuri grib dzied\u0101t latgaliski. Un, starp citu, tie nav tikai latgalie\u0161i!<br\/>\u201cCeidari\u201d veiksm\u012bgi piedal\u0101s da\u017e\u0101dos m\u016bzikas notikumos, festiv\u0101los un saie\u0161an\u0101s, r\u012bko vasaras nometnes saviem dzied\u0101t\u0101jiem un draugiem un kop\u0101 l\u012bksmi pavada br\u012bvo laiku.<br\/>Par folkloras kopas dzim\u0161anas dienu tiek uzskat\u012bts 2013. gada 21. maijs, kad kop\u0101 san\u0101ca vair\u0101ki Latgales Studentu centra biedri, lai sava prieka p\u0113c iem\u0101c\u012btos jaunas dziesmas latgaliski. Folkloras kopas vad\u012bt\u0101ja ir Marta Vaivode, bet m\u016bza un idejas autore \u2013 Ed\u012bte Husare.<br\/>Daudzi jaut\u0101, ko noz\u012bm\u0113 \u201cCeidari\u201d? \u201eCeidari\u201d ir sens latgalie\u0161u v\u0101rds, kas apz\u012bm\u0113 koncentriskus ap\u013cus, k\u0101di rodas, kad \u016bden\u012b iemet akmeni. Ap\u013ci izple\u0161as, iesaistot sav\u0101 kust\u012bb\u0101 visu, kas gad\u0101s ce\u013c\u0101, s\u0101kot no \u016bdensm\u0113r\u012bt\u0101jiem, \u016bdensro\u017eu lap\u0101m, pap\u012bra ku\u0123\u012b\u0161iem un beidzot ar mak\u0161\u0137eres pludi\u0146u un SUP d\u0113li. Viss atdz\u012bvojas, \u016bden\u012b rodas gandr\u012bz neredzamas kust\u012bbas un nemiers. T\u0101pat notiek ar dziesm\u0101m, kas nejau\u0161i iekr\u012bt cilv\u0113ka sird\u012b un izplata koncentriskus ap\u013cus, izraisot \u0137\u0113des reakciju un liekot dzied\u0101t l\u012bdzi no paaudzes paaudz\u0113.<\/p><div class=\"organic-profile-social\"><a class=\"social-link\" href=\"https:\/\/www.facebook.com\/ceidari\/?ref=br_rs\" target=\"_blank\"><i class=\"fab fa-facebook-f\"><\/i><\/a><\/div><\/div><\/div><\/div>\n\n\n<div class=\"woocommerce columns-4 \"><ul class=\"products columns-4\">\n<li class=\"product type-product post-975 status-publish first instock product_cat-artemisia-absinthium product_cat-bezgalibiesi product_cat-brali-un-masas product_cat-ceidari product_cat-dj-monsta product_cat-elza-rozentale-un-bur-mani product_cat-gaudeamus-viru-koris product_cat-jansone-laima product_cat-jansons-oskars product_cat-jauno-janu-orkestris product_cat-katalogs product_cat-kazaks-karlis product_cat-lipors-edgars product_cat-misters product_cat-muktupavela-ruta product_cat-muktupavels-valdis product_cat-post-folks product_cat-rava product_cat-skandi product_cat-sviests product_cat-tautumeitas product_cat-teikas-muzikanti product_cat-trejasmens product_cat-varna product_cat-zanri product_tag-46 has-post-thumbnail taxable shipping-taxable purchasable product-type-simple\">\n\t<a href=\"https:\/\/lauska.lv\/veikals\/Preces\/sviests-7\/\" class=\"woocommerce-LoopProduct-link woocommerce-loop-product__link\"><img fetchpriority=\"high\" decoding=\"async\" width=\"324\" height=\"324\" src=\"https:\/\/lauska.lv\/veikals\/wp-content\/uploads\/sites\/6\/2018\/08\/sviests7-front-small-324x324.jpg\" class=\"attachment-woocommerce_thumbnail size-woocommerce_thumbnail\" alt=\"\" srcset=\"https:\/\/lauska.lv\/veikals\/wp-content\/uploads\/sites\/6\/2018\/08\/sviests7-front-small-324x324.jpg 324w, https:\/\/lauska.lv\/veikals\/wp-content\/uploads\/sites\/6\/2018\/08\/sviests7-front-small-100x100.jpg 100w, https:\/\/lauska.lv\/veikals\/wp-content\/uploads\/sites\/6\/2018\/08\/sviests7-front-small-150x150.jpg 150w\" sizes=\"(max-width: 324px) 100vw, 324px\" \/><h2 class=\"woocommerce-loop-product__title\">SVIESTS 7<\/h2>\n\t<span class=\"price\"><span class=\"woocommerce-Price-amount amount\"><bdi>10.00&nbsp;<span class=\"woocommerce-Price-currencySymbol\">&euro;<\/span><\/bdi><\/span> <small class=\"woocommerce-price-suffix\">iesk. PVN<\/small><\/span>\n<\/a><a href=\"?add-to-cart=975\" data-quantity=\"1\" class=\"button product_type_simple add_to_cart_button ajax_add_to_cart\" data-product_id=\"975\" data-product_sku=\"2017 CD071\" aria-label=\"Add to cart: &ldquo;SVIESTS 7&rdquo;\" aria-describedby=\"\" rel=\"nofollow\">+<\/a><\/li>\n<\/ul>\n<\/div>\n","protected":false},"excerpt":{"rendered":"","protected":false},"author":2,"featured_media":0,"parent":218,"menu_order":0,"comment_status":"closed","ping_status":"closed","template":"page-group.php","meta":{"jetpack_post_was_ever_published":false,"footnotes":""},"categories":[562,559],"tags":[],"jetpack_sharing_enabled":true,"_links":{"self":[{"href":"https:\/\/lauska.lv\/veikals\/wp-json\/wp\/v2\/pages\/559"}],"collection":[{"href":"https:\/\/lauska.lv\/veikals\/wp-json\/wp\/v2\/pages"}],"about":[{"href":"https:\/\/lauska.lv\/veikals\/wp-json\/wp\/v2\/types\/page"}],"author":[{"embeddable":true,"href":"https:\/\/lauska.lv\/veikals\/wp-json\/wp\/v2\/users\/2"}],"replies":[{"embeddable":true,"href":"https:\/\/lauska.lv\/veikals\/wp-json\/wp\/v2\/comments?post=559"}],"version-history":[{"count":3,"href":"https:\/\/lauska.lv\/veikals\/wp-json\/wp\/v2\/pages\/559\/revisions"}],"predecessor-version":[{"id":3058,"href":"https:\/\/lauska.lv\/veikals\/wp-json\/wp\/v2\/pages\/559\/revisions\/3058"}],"up":[{"embeddable":true,"href":"https:\/\/lauska.lv\/veikals\/wp-json\/wp\/v2\/pages\/218"}],"wp:attachment":[{"href":"https:\/\/lauska.lv\/veikals\/wp-json\/wp\/v2\/media?parent=559"}],"wp:term":[{"taxonomy":"category","embeddable":true,"href":"https:\/\/lauska.lv\/veikals\/wp-json\/wp\/v2\/categories?post=559"},{"taxonomy":"post_tag","embeddable":true,"href":"https:\/\/lauska.lv\/veikals\/wp-json\/wp\/v2\/tags?post=559"}],"curies":[{"name":"wp","href":"https:\/\/api.w.org\/{rel}","templated":true}]}}