{"id":512,"date":"2018-08-27T13:42:15","date_gmt":"2018-08-27T10:42:15","guid":{"rendered":"http:\/\/lauska.lv\/veikals\/makslinieki\/vilki"},"modified":"2019-11-13T19:33:50","modified_gmt":"2019-11-13T17:33:50","slug":"vilki","status":"publish","type":"page","link":"https:\/\/lauska.lv\/veikals\/makslinieki-2\/vilki\/","title":{"rendered":"Vilki"},"content":{"rendered":"\n<div class=\"wp-block-organic-profile-block\"><div class=\"organic-profile-content-title\"><nameartist><\/nameartist><hr\/><\/div><div class=\"organic-profile-content-flex\" style=\"text-align:left\"><div class=\"organic-profile-image\" style=\"background-image:url(http:\/\/lauska.lv\/veikalsbeta\/wp-content\/uploads\/sites\/6\/2018\/08\/Group_Vilki_01.jpg)\"><img decoding=\"async\" src=\"http:\/\/lauska.lv\/veikalsbeta\/wp-content\/uploads\/sites\/6\/2018\/08\/Group_Vilki_01.jpg\"\/><\/div><div class=\"organic-profile-content\" style=\"text-align:left\"><p><strong>Edgars Lipors<\/strong><br\/><strong>Gundars Kalni\u0146\u0161<\/strong><br\/><strong>U\u0123is Treide<\/strong><br\/><strong>Andris Balcers<\/strong><br\/><strong>J\u0101nis Kr\u016bmi\u0146\u0161<\/strong><br\/><strong>Raimonds Kundzi\u0146\u0161<\/strong><br\/><strong>\u0112riks \u0112riksons<\/strong><br\/><br\/>1980.gad\u0101 v\u0113stures skolot\u0101js M\u0101ris O\u0161s izveidoja J.V\u0101cie\u0161a v\u0101rd\u0101 nosaukto Engures folkloras kopu : ,,\u2026Iek\u0161\u0113j\u0101 pras\u012bba man bija p\u0113c kareivisk\u0101ka repertu\u0101ra, jo no \u0123ener\u0101\u013ca J\u0101\u0146a L\u0101\u010da m\u0101sas Leont\u012bnes biju apguvis brav\u016br\u012bg\u0101kas str\u0113lnieku dziesmas\u201d atceras M\u0101ris O\u0161s, kad vi\u0146\u0161 tika uzaicin\u0101ts piedal\u012bties folkloras draugu kopas Skandinieki izveido\u0161an\u0101, ,,\u2026t\u0101d\u0113\u013c nol\u0113mu izveidot pats savu dzied\u0101t\u0101ju ansambli. 1980.gada maij\u0101 Latvijas Etnogr\u0101fisk\u0101 Br\u012bvdabas muzej\u0101, Juglas ezera krast\u0101 ar vizu\u0101li atbilsto\u0161i atlas\u012btiem pui\u0161iem, notika pirmais karav\u012bru dziesmu m\u0113\u0123in\u0101jums. Dokument\u0101l\u0101s filmas Str\u0113lnieku zvaigzn\u0101js kinooperators Andris Slapi\u0146\u0161 uzaicin\u0101ja manus 22 pui\u0161us piedal\u012bties filmas epizodes film\u0113\u0161an\u0101 Doles sal\u0101, kur tika inscin\u0113ta latvie\u0161u str\u0113lnieku 1918. gad\u0101 Maskav\u0101 svin\u0113to J\u0101\u0146u turpin\u0101jums. Tika atvesti latvie\u0161u str\u0113lnieki no visas Latvijas. Filmas kinore\u017eisors Juris Podnieks apg\u0101d\u0101ja manus pui\u0161us ar str\u0113lnieku cepur\u0113m no R\u012bgas kinostudijas rekviz\u012btiem, ar kur\u0101m uzst\u0101j\u0101mies ar\u012b v\u0113l\u0101kos koncertos Latvijas Komjaunatnes rado\u0161\u0101s jaunatnes nometn\u0113 Gaujien\u0101, Murj\u0101\u0146u sporta intern\u0101tskol\u0101, Latvie\u0161u str\u0113lnieku muzej\u0101, Latvijas Valsts Fizkult\u016bras instit\u016bt\u0101, Dailes te\u0101tr\u012b , Te\u0101tra muzej\u0101, RPI nometn\u0113 ,,Ron\u012b\u0161i\u201d u.c.\u201d<br\/>Juris Podnieks ar\u012b izpal\u012bdz\u0113ja ar str\u0113lnieku dz\u012bvesvietu adres\u0113m, kas deva mums iesp\u0113ju ne tikai apg\u016bt latvie\u0161u str\u0113lnieku dziesmas (pierakst\u012bt un saglab\u0101t t\u0101s n\u0101kamaj\u0101m paaudz\u0113m) no pirmavota- ar pierakstos nefiks\u0113jamu inton\u0101ciju, izpild\u012bjuma manieri, bet ar\u012b nepastarpin\u0101ti p\u0101r\u0146emt str\u0113lnieku mantojumu- vi\u0146u c\u012b\u0146as motiv\u0101ciju, dz\u012bves poz\u012bciju.<br\/>J.V\u0101cie\u0161a ansambl\u012b m\u0113s viegli sp\u0113j\u0101m sevi identific\u0113t ar v\u012bri\u0161\u0137\u012bgajiem latvie\u0161u str\u0113lniekiem, jo bij\u0101m pulc\u0113ju\u0161ies dzied\u0101t gribo\u0161i, boksu un c\u012b\u0146as sportu m\u012blo\u0161i latvie\u0161u jaunie\u0161i. Tiekoties ar latvie\u0161u str\u0113lniekiem, interv\u0113jot vi\u0146us uzzin\u0101j\u0101m, ka min\u0113t\u0101s aizrau\u0161an\u0101s bija popul\u0101ras ar\u012b str\u0113lnieku vid\u016b, bet vair\u0101k par visu m\u016bs vienoja Latvijas m\u012blest\u012bba, izteikt\u0101s nacion\u0101lisma j\u016btas.<br\/>Protams, tas nesaskan\u0113ja ar PSKP ideolo\u0123iju, t\u0101d\u0113\u013c Latvijas PSR VDK 1982. gad\u0101 safabric\u0113ja krimin\u0101llietu pret M\u0101ri O\u0161u, kur\u0161 tika apcietin\u0101ts. ,,J.V\u0101cie\u0161a v\u0101rd\u0101 nosaukt\u0101 Engures folkloras kopa\u201d p\u0101rk\u0101rtoj\u0101s un da\u013ca no dal\u012bbniekiem un jaunpien\u0101c\u0113ji turpin\u0101ja darboties toreiz\u0113j\u0101 Dailes te\u0101tra direktora B\u0113rtu\u013ca Pizi\u010da vad\u012bb\u0101, ar kuru bij\u0101m iepazinu\u0161ies p\u0113c uzst\u0101\u0161an\u0101s Dailes te\u0101tr\u012b.<br\/>Tom\u0113r atkal sekoja Latvijas PSR VDK spiediens, un v\u0113lreiz da\u013ca no dal\u012bbniekiem un papildin\u0101jums p\u0101rgrup\u0113j\u0101mies, lai turpin\u0101tu latvie\u0161u karav\u012bru kult\u016bras mantojuma populariz\u0113\u0161anu nu jau Liepavota sast\u0101v\u0101.<br\/>\u201cVilki\u201d<br\/>Lai pilnveidotu repertu\u0101ru, grupa nol\u0113ma c\u012bt\u012bgi apg\u016bt sen\u0101s karav\u012bru dziesmas. L\u012bdz ar \u0161o ideju 1992. gada 5. novembr\u012b tika main\u012bts grupas nosaukums, un kop\u0161 t\u0101 laika m\u0113s esam v\u012bru kopa \u201cVILKI\u201d.<br\/>V\u012bru kopas \u201cVILKI\u201d repertu\u0101ra pamat\u0101 ir karav\u012bru dziesmas no vissen\u0101kajiem laikiem l\u012bdz m\u016bsdien\u0101m. Dziesmas repertu\u0101ram tiek mekl\u0113tas E. Melngai\u013ca, A. Jurj\u0101na, J. V\u012btoli\u0146a, A. Kr\u016bmi\u0146a sav\u0101ktajos latvie\u0161u tautas m\u016bzikas materi\u0101los, bet lielu da\u013ca I pasaules kara latvie\u0161u str\u0113lnieku, br\u012bv\u012bbas c\u012b\u0146u, II pasaules kara latvie\u0161u le\u0123ion\u0101ru un nacion\u0101lo partiz\u0101nu dziesmas ir pierakst\u012btas no \u0161o c\u012b\u0146u dal\u012bbniekiem.<br\/>Kopas sast\u0101v\u0101 patreiz darbojas 7 v\u012bri, kuriem tuva karav\u012bra dz\u012bveszi\u0146a. Katrs no kopas dal\u012bbniekiem pieprot ar\u012b k\u0101du no senajiem arodiem \u2013 apstr\u0101d\u0101 koku, \u0101du, gatavo senos m\u016bzikas instrumentus, ka\u013c 10. \u2013 13. gs. rotas. Ar\u012b liela da\u013ca no m\u016bsu t\u0113rpiem ir pa\u0161u roku gatavoti \u2013 \u0161\u016bti krekli, vam\u017ei, \u0101das apavi, kaltas rotas. Tas viss izgatavots, p\u0113tot arheolo\u0123iskajos izrakumos Latvij\u0101 atrastos 10. \u2013 13. gs. t\u0113rpu fragmentus un etnogr\u0101fiskos materi\u0101lus. Senie m\u016bzikas instrumenti, kurus izmantojam, ir m\u016bsu gatavoti. Karav\u012brs nav atrauts no ikdienas dz\u012bves rituma, t\u0101d\u0113\u013c m\u016bsu repertu\u0101r\u0101 ir dziesmas kuras aptver cilv\u0113ka dz\u012bvi no \u0161\u016bpu\u013ca l\u012bdz kapam, latvie\u0161u godu, gadsk\u0101rtu sv\u0113tku dziesmas u.t.t.. Bie\u017ei savas zin\u0101\u0161anas pielietojam ievadot dz\u012bv\u0113 jaunlaul\u0101tos(ved\u012bbas), vadot krustabas, vai pavadot p\u0113d\u0113j\u0101 gait\u0101(bed\u012bbas), svinot gadsk\u0101rtu sv\u0113tkus un m\u0101cot to dar\u012bt citiem.<br\/>Par svar\u012bg\u0101ko m\u016bsu darb\u012bbas m\u0113r\u0137i uzskat\u0101m, populariz\u0113t un nodot n\u0101kamaj\u0101m paaudz\u0113m m\u016bsu bag\u0101to kult\u016bras mantojumu, jo \u012bpa\u0161i noklus\u0113to kr\u0101\u0161\u0146o un bag\u0101t\u012bgo karav\u012bru dziesmu kl\u0101stu. Lai to realiz\u0113tu bie\u017ei uzst\u0101jamies skol\u0101s un armijas da\u013c\u0101s.<br\/>Skol\u0101s jaun\u0101kajai paaudzei st\u0101st\u0101m par m\u016bsu sakn\u0113m, par seno karav\u012bru ap\u0123\u0113rbu, bru\u0146ojumu, par m\u016bzikas instrumentiem, par 20. gadsimta latvie\u0161u br\u012bv\u012bbas c\u012bn\u012bt\u0101jiem vi\u0146u patriotismu, nacion\u0101lo garu un pa\u0161aizliedz\u012bbu c\u012b\u0146\u0101s par m\u016bsu zemes br\u012bv\u012bbu. T\u0101s nav sausas lekcijas, bet karav\u012bra ce\u013ca ilustr\u0101cija ar dziesm\u0101m, ritu\u0101liem un re\u0101liem st\u0101stiem no kara gait\u0101m.<br\/>Festiv\u0101los un koncertos \u0101rpus Latvijas demonstr\u0113jam latvie\u0161u folkloras skan\u0113juma daudzveid\u012bbu, m\u016bzikas instrumentu da\u017e\u0101d\u012bbu, to izmanto\u0161anu dziesm\u0101s, dej\u0101s , rota\u013c\u0101s un senajos ritu\u0101los.<br\/>Darb\u012bba<br\/>M\u016bsu darb\u012bbas laik\u0101 esam noformul\u0113ju\u0161i savu m\u0113r\u0137i: apkopojot inform\u0101ciju, izprast latvie\u0161u karav\u012bru dz\u012bveszi\u0146u visos laikos un to populariz\u0113t. L\u012bdz \u0161im esam realiz\u0113ju\u0161i daudzas ieceres ar da\u017e\u0101du projektu pal\u012bdz\u012bbu. Galvenie no tiem ir koncert-lekciju cikli m\u0101c\u012bbu iest\u0101d\u0113s vis\u0101 Latvij\u0101, kas veicina patriotisko audzin\u0101\u0161anu. M\u016bsu izveidot\u0101s koncert-lekcijas ir ar\u012b inform\u0101cijas pasnieg\u0161anas veids da\u017e\u0101da vecuma klaus\u012bt\u0101jiem, kas sev\u012b ietver visu laiku latvie\u0161u karav\u012bru dziesmu izlasi, seno t\u0113rpu, iero\u010du, rotu atdarin\u0101jumu un m\u016bzikas instrumentu demonstr\u0113jumu, video un foto materi\u0101lu apskati. Pieredze r\u0101da, ka jaun\u0101kai paaudzei \u013coti saisto\u0161as liekas m\u016bsu vad\u012bt\u0101s praktisk\u0101s aktivit\u0101tes, kuru laik\u0101 ir iesp\u0113ja p\u0101rbaud\u012bt savu sp\u0113ku un veikl\u012bbu \u0161au\u0161an\u0101 ar loku, cirvja un \u0161\u0137\u0113pa me\u0161an\u0101 m\u0113r\u0137\u012b, k\u0101 ar\u012b cit\u0101s sen\u0101s latvie\u0161u sp\u0113ka un veikl\u012bbas sp\u0113l\u0113s. M\u016bsu uzst\u0101\u0161an\u0101s bie\u017ei bijusi saist\u012bta ar ritualiz\u0113t\u0101m darb\u012bb\u0101m.<\/p><div class=\"organic-profile-social\"><a class=\"social-link\" href=\"http:\/\/www.vilki.lv\/\" target=\"_blank\" rel=\"noopener noreferrer\"><i class=\"fas fa-play\"><\/i><\/a><a class=\"social-link\" href=\"Edgars Lipors Gundars Kalni\u0146\u0161 U\u0123is Treide Andris Balcers J\u0101nis Kr\u016bmi\u0146\u0161 Raimonds Kundzi\u0146\u0161 \u0112riks \u0112riksons\" target=\"_blank\" rel=\"noopener noreferrer\"><i class=\"fab fa-facebook-f\"><\/i><\/a><a class=\"social-link\" href=\"https:\/\/twitter.com\/VilkiFolk\" target=\"_blank\" rel=\"noopener noreferrer\"><i class=\"fab fa-twitter\"><\/i><\/a><a class=\"social-link\" href=\"https:\/\/www.draugiem.lv\/music\/10019445\/\" target=\"_blank\" rel=\"noopener noreferrer\"><i class=\"fas fa-link\"><\/i><\/a><\/div><\/div><\/div><\/div>\n\n\n<div class=\"woocommerce columns-4 \"><ul class=\"products columns-4\">\n<li class=\"product type-product post-18035 status-publish first outofstock product_cat-katalogs product_cat-vilki product_tag-722 has-post-thumbnail taxable shipping-taxable purchasable product-type-simple\">\n\t<a href=\"https:\/\/lauska.lv\/veikals\/Preces\/bunkurs-13\/\" class=\"woocommerce-LoopProduct-link woocommerce-loop-product__link\"><img fetchpriority=\"high\" decoding=\"async\" width=\"324\" height=\"324\" src=\"https:\/\/lauska.lv\/veikals\/wp-content\/uploads\/sites\/6\/2022\/01\/Vilki_Bunkurs13_CD-324x324.jpg\" class=\"attachment-woocommerce_thumbnail size-woocommerce_thumbnail\" alt=\"\" srcset=\"https:\/\/lauska.lv\/veikals\/wp-content\/uploads\/sites\/6\/2022\/01\/Vilki_Bunkurs13_CD-324x324.jpg 324w, https:\/\/lauska.lv\/veikals\/wp-content\/uploads\/sites\/6\/2022\/01\/Vilki_Bunkurs13_CD-100x100.jpg 100w, https:\/\/lauska.lv\/veikals\/wp-content\/uploads\/sites\/6\/2022\/01\/Vilki_Bunkurs13_CD-416x416.jpg 416w, https:\/\/lauska.lv\/veikals\/wp-content\/uploads\/sites\/6\/2022\/01\/Vilki_Bunkurs13_CD-300x300.jpg 300w, https:\/\/lauska.lv\/veikals\/wp-content\/uploads\/sites\/6\/2022\/01\/Vilki_Bunkurs13_CD-150x150.jpg 150w, https:\/\/lauska.lv\/veikals\/wp-content\/uploads\/sites\/6\/2022\/01\/Vilki_Bunkurs13_CD-768x768.jpg 768w, https:\/\/lauska.lv\/veikals\/wp-content\/uploads\/sites\/6\/2022\/01\/Vilki_Bunkurs13_CD-600x600.jpg 600w, https:\/\/lauska.lv\/veikals\/wp-content\/uploads\/sites\/6\/2022\/01\/Vilki_Bunkurs13_CD.jpg 800w\" sizes=\"(max-width: 324px) 100vw, 324px\" \/><h2 class=\"woocommerce-loop-product__title\">Bunkurs 13<\/h2>\n\t<span class=\"price\"><span class=\"woocommerce-Price-amount amount\"><bdi>10.00&nbsp;<span class=\"woocommerce-Price-currencySymbol\">&euro;<\/span><\/bdi><\/span> <small class=\"woocommerce-price-suffix\">iesk. PVN<\/small><\/span>\n<\/a><a href=\"https:\/\/lauska.lv\/veikals\/Preces\/bunkurs-13\/\" data-quantity=\"1\" class=\"button product_type_simple\" data-product_id=\"18035\" data-product_sku=\"000 2022\" aria-label=\"Read more about &ldquo;Bunkurs 13&rdquo;\" aria-describedby=\"\" rel=\"nofollow\">Skat\u012bt<\/a><\/li>\n<li class=\"product type-product post-1142 status-publish instock product_cat-katalogs product_cat-roks-pops product_cat-vilki product_cat-zanri product_tag-43 has-post-thumbnail taxable shipping-taxable purchasable product-type-simple\">\n\t<a href=\"https:\/\/lauska.lv\/veikals\/Preces\/cinai-sveiks\/\" class=\"woocommerce-LoopProduct-link woocommerce-loop-product__link\"><img decoding=\"async\" width=\"324\" height=\"324\" src=\"https:\/\/lauska.lv\/veikals\/wp-content\/uploads\/sites\/6\/2018\/08\/Cover_C\u012bnai_sveiks_01-324x324.jpg\" class=\"attachment-woocommerce_thumbnail size-woocommerce_thumbnail\" alt=\"\" srcset=\"https:\/\/lauska.lv\/veikals\/wp-content\/uploads\/sites\/6\/2018\/08\/Cover_C\u012bnai_sveiks_01-324x324.jpg 324w, https:\/\/lauska.lv\/veikals\/wp-content\/uploads\/sites\/6\/2018\/08\/Cover_C\u012bnai_sveiks_01-100x100.jpg 100w, https:\/\/lauska.lv\/veikals\/wp-content\/uploads\/sites\/6\/2018\/08\/Cover_C\u012bnai_sveiks_01-150x150.jpg 150w\" sizes=\"(max-width: 324px) 100vw, 324px\" \/><h2 class=\"woocommerce-loop-product__title\">C\u012b\u0146ai sveiks!<\/h2>\n\t<span class=\"price\"><span class=\"woocommerce-Price-amount amount\"><bdi>10.00&nbsp;<span class=\"woocommerce-Price-currencySymbol\">&euro;<\/span><\/bdi><\/span> <small class=\"woocommerce-price-suffix\">iesk. PVN<\/small><\/span>\n<\/a><a href=\"?add-to-cart=1142\" data-quantity=\"1\" class=\"button product_type_simple add_to_cart_button ajax_add_to_cart\" data-product_id=\"1142\" data-product_sku=\"2015 CD_aaraa_01\" aria-label=\"Add to cart: &ldquo;C\u012b\u0146ai sveiks!&rdquo;\" aria-describedby=\"\" rel=\"nofollow\">+<\/a><\/li>\n<\/ul>\n<\/div>\n\n\n\n<h2 class=\"wp-block-heading\">Video<\/h2>\n\n\n\n<hr class=\"wp-block-separator\"\/>\n\n\n\n<figure class=\"wp-block-embed-youtube wp-block-embed is-type-video is-provider-youtube\"><div class=\"wp-block-embed__wrapper\">\n<span class=\"embed-youtube\" style=\"text-align:center; display: block;\"><iframe class=\"youtube-player\" width=\"980\" height=\"552\" src=\"https:\/\/www.youtube.com\/embed\/rcIGPr6aJHM?version=3&#038;rel=1&#038;showsearch=0&#038;showinfo=1&#038;iv_load_policy=1&#038;fs=1&#038;hl=lv-LV&#038;autohide=2&#038;wmode=transparent&#038;listType=playlist&#038;list=PLlzUjSgLpT4yd-n81hxyuV21kYXXTpFD1\" allowfullscreen=\"true\" style=\"border:0;\" sandbox=\"allow-scripts allow-same-origin allow-popups allow-presentation allow-popups-to-escape-sandbox\"><\/iframe><\/span>\n<\/div><\/figure>\n","protected":false},"excerpt":{"rendered":"<p>Video<\/p>\n","protected":false},"author":5,"featured_media":0,"parent":218,"menu_order":0,"comment_status":"closed","ping_status":"closed","template":"page-group.php","meta":{"jetpack_post_was_ever_published":false,"footnotes":""},"categories":[559,581],"tags":[],"jetpack_sharing_enabled":true,"_links":{"self":[{"href":"https:\/\/lauska.lv\/veikals\/wp-json\/wp\/v2\/pages\/512"}],"collection":[{"href":"https:\/\/lauska.lv\/veikals\/wp-json\/wp\/v2\/pages"}],"about":[{"href":"https:\/\/lauska.lv\/veikals\/wp-json\/wp\/v2\/types\/page"}],"author":[{"embeddable":true,"href":"https:\/\/lauska.lv\/veikals\/wp-json\/wp\/v2\/users\/5"}],"replies":[{"embeddable":true,"href":"https:\/\/lauska.lv\/veikals\/wp-json\/wp\/v2\/comments?post=512"}],"version-history":[{"count":3,"href":"https:\/\/lauska.lv\/veikals\/wp-json\/wp\/v2\/pages\/512\/revisions"}],"predecessor-version":[{"id":9788,"href":"https:\/\/lauska.lv\/veikals\/wp-json\/wp\/v2\/pages\/512\/revisions\/9788"}],"up":[{"embeddable":true,"href":"https:\/\/lauska.lv\/veikals\/wp-json\/wp\/v2\/pages\/218"}],"wp:attachment":[{"href":"https:\/\/lauska.lv\/veikals\/wp-json\/wp\/v2\/media?parent=512"}],"wp:term":[{"taxonomy":"category","embeddable":true,"href":"https:\/\/lauska.lv\/veikals\/wp-json\/wp\/v2\/categories?post=512"},{"taxonomy":"post_tag","embeddable":true,"href":"https:\/\/lauska.lv\/veikals\/wp-json\/wp\/v2\/tags?post=512"}],"curies":[{"name":"wp","href":"https:\/\/api.w.org\/{rel}","templated":true}]}}