{"id":445,"date":"2018-08-27T12:58:58","date_gmt":"2018-08-27T09:58:58","guid":{"rendered":"http:\/\/lauska.lv\/veikals\/makslinieki\/auri"},"modified":"2018-09-26T19:19:54","modified_gmt":"2018-09-26T16:19:54","slug":"auri","status":"publish","type":"page","link":"https:\/\/lauska.lv\/veikals\/makslinieki-2\/auri\/","title":{"rendered":"Auri"},"content":{"rendered":"\n<div class=\"wp-block-organic-profile-block\"><div class=\"organic-profile-content-title\"><nameartist>Auri<\/nameartist><hr\/><\/div><div class=\"organic-profile-content-flex\" style=\"text-align:left\"><div class=\"organic-profile-image\" style=\"background-image:url(http:\/\/lauska.lv\/veikalsbeta\/wp-content\/uploads\/sites\/6\/2018\/08\/Group_Auri.jpg)\"><img decoding=\"async\" src=\"http:\/\/lauska.lv\/veikalsbeta\/wp-content\/uploads\/sites\/6\/2018\/08\/Group_Auri.jpg\"\/><\/div><div class=\"organic-profile-content\" style=\"text-align:left\"><p><strong>M\u0101ris Jansons<\/strong>\u00a0akordeons<br\/><strong>Sniedze Gr\u012bnberga<\/strong>\u00a0kokle, balss<br\/><strong>P\u0113teris Sadovskis<\/strong>\u00a0\u0123it\u0101ra<br\/><strong>Mikus \u010cavarts<\/strong>\u00a0sitamie instrumenti<br\/><strong>Maija Sadovska<\/strong>\u00a0balss<br\/><strong>Ieva Grudule<\/strong>\u00a0balss<br\/><br\/>Viena no pirmaj\u0101m tautas m\u016bzikas grup\u0101m, kura veidoja savus aran\u017e\u0113jumus un koncert\u0113ja jau no 1990.gada. V\u0113l\u0101k galvenok\u0101rt str\u0101d\u0101ja studij\u0101, lai aran\u017e\u0113tu un ierakst\u012btu m\u016bziku tautas deju kop\u0101m un da\u017e\u0101diem projektiem.<br\/><\/p><div class=\"organic-profile-social\"><\/div><\/div><\/div><\/div>\n","protected":false},"excerpt":{"rendered":"","protected":false},"author":2,"featured_media":0,"parent":218,"menu_order":0,"comment_status":"closed","ping_status":"closed","template":"page-group.php","meta":{"jetpack_post_was_ever_published":false,"footnotes":""},"categories":[560,559],"tags":[],"jetpack_sharing_enabled":true,"_links":{"self":[{"href":"https:\/\/lauska.lv\/veikals\/wp-json\/wp\/v2\/pages\/445"}],"collection":[{"href":"https:\/\/lauska.lv\/veikals\/wp-json\/wp\/v2\/pages"}],"about":[{"href":"https:\/\/lauska.lv\/veikals\/wp-json\/wp\/v2\/types\/page"}],"author":[{"embeddable":true,"href":"https:\/\/lauska.lv\/veikals\/wp-json\/wp\/v2\/users\/2"}],"replies":[{"embeddable":true,"href":"https:\/\/lauska.lv\/veikals\/wp-json\/wp\/v2\/comments?post=445"}],"version-history":[{"count":1,"href":"https:\/\/lauska.lv\/veikals\/wp-json\/wp\/v2\/pages\/445\/revisions"}],"predecessor-version":[{"id":449,"href":"https:\/\/lauska.lv\/veikals\/wp-json\/wp\/v2\/pages\/445\/revisions\/449"}],"up":[{"embeddable":true,"href":"https:\/\/lauska.lv\/veikals\/wp-json\/wp\/v2\/pages\/218"}],"wp:attachment":[{"href":"https:\/\/lauska.lv\/veikals\/wp-json\/wp\/v2\/media?parent=445"}],"wp:term":[{"taxonomy":"category","embeddable":true,"href":"https:\/\/lauska.lv\/veikals\/wp-json\/wp\/v2\/categories?post=445"},{"taxonomy":"post_tag","embeddable":true,"href":"https:\/\/lauska.lv\/veikals\/wp-json\/wp\/v2\/tags?post=445"}],"curies":[{"name":"wp","href":"https:\/\/api.w.org\/{rel}","templated":true}]}}