{"id":434,"date":"2018-08-27T12:43:38","date_gmt":"2018-08-27T09:43:38","guid":{"rendered":"http:\/\/lauska.lv\/veikals\/makslinieki\/amorala-psihoze"},"modified":"2018-09-26T19:19:54","modified_gmt":"2018-09-26T16:19:54","slug":"amorala-psihoze","status":"publish","type":"page","link":"https:\/\/lauska.lv\/veikals\/makslinieki-2\/amorala-psihoze\/","title":{"rendered":"Amor\u0101l\u0101 psih\u014dze"},"content":{"rendered":"\n<div class=\"wp-block-organic-profile-block\"><div class=\"organic-profile-content-title\"><nameartist>AMOR\u0100L\u0100 PSIH\u014cZE<\/nameartist><hr\/><\/div><div class=\"organic-profile-content-flex\" style=\"text-align:left\"><div class=\"organic-profile-image\" style=\"background-image:url(http:\/\/lauska.lv\/veikalsbeta\/wp-content\/uploads\/sites\/6\/2018\/08\/Group_AmoralaPsihoze.jpg)\"><img decoding=\"async\" src=\"http:\/\/lauska.lv\/veikalsbeta\/wp-content\/uploads\/sites\/6\/2018\/08\/Group_AmoralaPsihoze.jpg\"\/><\/div><div class=\"organic-profile-content\" style=\"text-align:left\"><p><strong>Raimonds \/ Dambis \/ Lagimovs<\/strong>\u00a0balss, trejdeksnis, koci\u0146i<br\/><strong>Ivo Stank\u0113vi\u010ds<\/strong>\u00a0bass, kokle, liel\u0101 bunga<br\/><strong>Kaspars Putri\u0146s<\/strong>\u00a0st\u012bl\u0123it\u0101ra, \u0123it\u0101ra, tambur\u012bns<br\/><strong>Didzis Erra<\/strong>\u00a0perkusijas<br\/><strong>Sniedze Prauli\u0146a<\/strong>\u00a0balss, flauta<br\/><strong>Santa Mi\u0161\u010denkova<\/strong>\u00a0balss, perkusijas<br\/><strong>Di\u0101na Dreimane<\/strong>\u00a0vijole<br\/><br\/>Grupa darbojas jau no 80tajiem, muzic\u0113 da\u017e\u0101dos \u017eanros \u2013 eksperiment\u0113, improviz\u0113, medit\u0113 \u2026 sast\u0101vs main\u012bgs.<br\/><\/p><div class=\"organic-profile-social\"><a class=\"social-link\" href=\"https:\/\/www.facebook.com\/Amor%C4%81l%C4%81-Psih%C5%8Dze-716936128404671\/?ref=ts&amp;fref=ts\" target=\"_blank\"><i class=\"fab fa-facebook-f\"><\/i><\/a><a class=\"social-link\" href=\"https:\/\/www.draugiem.lv\/music\/10012686\/\" target=\"_blank\"><i class=\"fas fa-link\"><\/i><\/a><a class=\"social-link\" href=\"https:\/\/amoralapsihoze.bandcamp.com\/releases\" target=\"_blank\"><i class=\"fab fa-bandcamp\"><\/i><\/a><\/div><\/div><\/div><\/div>\n\n\n\n<h2 class=\"wp-block-heading\">Video<\/h2>\n\n\n\n<hr class=\"wp-block-separator\"\/>\n\n\n\n<figure class=\"wp-block-embed-youtube wp-block-embed is-type-video is-provider-youtube\">\n<span class=\"embed-youtube\" style=\"text-align:center; display: block;\"><iframe class=\"youtube-player\" width=\"980\" height=\"552\" src=\"https:\/\/www.youtube.com\/embed\/Qka1pBRY3dA?version=3&#038;rel=1&#038;showsearch=0&#038;showinfo=1&#038;iv_load_policy=1&#038;fs=1&#038;hl=lv-LV&#038;autohide=2&#038;wmode=transparent\" allowfullscreen=\"true\" style=\"border:0;\" sandbox=\"allow-scripts allow-same-origin allow-popups allow-presentation allow-popups-to-escape-sandbox\"><\/iframe><\/span>\n<\/figure>\n","protected":false},"excerpt":{"rendered":"<p>Video<\/p>\n","protected":false},"author":2,"featured_media":0,"parent":218,"menu_order":0,"comment_status":"closed","ping_status":"closed","template":"page-group.php","meta":{"jetpack_post_was_ever_published":false,"footnotes":""},"categories":[560,559],"tags":[],"jetpack_sharing_enabled":true,"_links":{"self":[{"href":"https:\/\/lauska.lv\/veikals\/wp-json\/wp\/v2\/pages\/434"}],"collection":[{"href":"https:\/\/lauska.lv\/veikals\/wp-json\/wp\/v2\/pages"}],"about":[{"href":"https:\/\/lauska.lv\/veikals\/wp-json\/wp\/v2\/types\/page"}],"author":[{"embeddable":true,"href":"https:\/\/lauska.lv\/veikals\/wp-json\/wp\/v2\/users\/2"}],"replies":[{"embeddable":true,"href":"https:\/\/lauska.lv\/veikals\/wp-json\/wp\/v2\/comments?post=434"}],"version-history":[{"count":2,"href":"https:\/\/lauska.lv\/veikals\/wp-json\/wp\/v2\/pages\/434\/revisions"}],"predecessor-version":[{"id":444,"href":"https:\/\/lauska.lv\/veikals\/wp-json\/wp\/v2\/pages\/434\/revisions\/444"}],"up":[{"embeddable":true,"href":"https:\/\/lauska.lv\/veikals\/wp-json\/wp\/v2\/pages\/218"}],"wp:attachment":[{"href":"https:\/\/lauska.lv\/veikals\/wp-json\/wp\/v2\/media?parent=434"}],"wp:term":[{"taxonomy":"category","embeddable":true,"href":"https:\/\/lauska.lv\/veikals\/wp-json\/wp\/v2\/categories?post=434"},{"taxonomy":"post_tag","embeddable":true,"href":"https:\/\/lauska.lv\/veikals\/wp-json\/wp\/v2\/tags?post=434"}],"curies":[{"name":"wp","href":"https:\/\/api.w.org\/{rel}","templated":true}]}}