{"id":2249,"date":"2018-08-28T11:45:05","date_gmt":"2018-08-28T08:45:05","guid":{"rendered":"http:\/\/lauska.lv\/veikals\/artists\/skutelnieki\/"},"modified":"2018-09-26T19:41:15","modified_gmt":"2018-09-26T16:41:15","slug":"skutelnieki","status":"publish","type":"page","link":"https:\/\/lauska.lv\/veikals\/artists\/skutelnieki\/?lang=en","title":{"rendered":"Skutelnieki"},"content":{"rendered":"\r\n<div class=\"wp-block-organic-profile-block\"><div class=\"organic-profile-content-title\"><nameartist>Skutelnieki<\/nameartist><hr\/><\/div><div class=\"organic-profile-content-flex\" style=\"text-align:left\"><div class=\"organic-profile-image\" style=\"background-image:url(http:\/\/lauska.lv\/veikalsbeta\/wp-content\/uploads\/sites\/6\/2018\/08\/Group_Skutelnieki_01.jpg)\"><img decoding=\"async\" src=\"http:\/\/lauska.lv\/veikalsbeta\/wp-content\/uploads\/sites\/6\/2018\/08\/Group_Skutelnieki_01.jpg\"\/><\/div><div class=\"organic-profile-content\" style=\"text-align:left\"><p><strong>Uldis B\u0113rzi\u0146\u0161<\/strong><br\/><strong>Inguna \u017dogota<\/strong><br\/><strong>Solvita B\u0113rzi\u0146a<\/strong><br\/><strong>Annija Blauss<\/strong><br\/><strong>Liene B\u0113rzi\u0146a<\/strong><br\/><strong>M\u0101r\u012bte Gra\u017eule<br\/><\/strong> <br\/>\u201cSkutelnieki\u201d is a regional word from Koknese for the processions of masked people that went from house to house at Mete\u0146i (a traditional Latvian festival in early February), bringing blessings and joy to the inhabitants. They played music, livened things up, roused and encouraged people to get up and move. Each of us were also gnawed by the desire to play and express ourselves, to share in our emotions, our songs and our world view. Finally, one year around Mete\u0146i we established the \u201cSkutelnieki\u201d group so that, as in earlier times, we could share with others the things that bring us joy, lift our spirits and get us dancing, moving from house to house, from ear to ear and maybe even from heart to heart. <\/p><div class=\"organic-profile-social\"><\/div><\/div><\/div><\/div>\r\n\r\n\r\n\r\n<h2 class=\"wp-block-heading\" style=\"text-align:center\">Published by lauska<\/h2>\r\n\r\n\r\n\r\n<hr class=\"wp-block-separator\"\/>\r\n\r\n\r\n<div class=\"woocommerce columns-4 \"><ul class=\"products columns-4\">\n<li class=\"product type-product post-1200 status-publish first outofstock product_cat-folklora product_cat-katalogs product_cat-skutelnieki product_cat-zanri product_tag-42 has-post-thumbnail taxable shipping-taxable purchasable product-type-simple\">\n\t<a href=\"https:\/\/lauska.lv\/veikals\/Preces\/kokneses-balss\/\" class=\"woocommerce-LoopProduct-link woocommerce-loop-product__link\"><img fetchpriority=\"high\" decoding=\"async\" width=\"324\" height=\"324\" src=\"https:\/\/lauska.lv\/veikals\/wp-content\/uploads\/sites\/6\/2018\/08\/Cover_Skutelnieki-Kokneses-balss_01-324x324.jpg\" class=\"attachment-woocommerce_thumbnail size-woocommerce_thumbnail\" alt=\"\" srcset=\"https:\/\/lauska.lv\/veikals\/wp-content\/uploads\/sites\/6\/2018\/08\/Cover_Skutelnieki-Kokneses-balss_01-324x324.jpg 324w, https:\/\/lauska.lv\/veikals\/wp-content\/uploads\/sites\/6\/2018\/08\/Cover_Skutelnieki-Kokneses-balss_01-100x100.jpg 100w, https:\/\/lauska.lv\/veikals\/wp-content\/uploads\/sites\/6\/2018\/08\/Cover_Skutelnieki-Kokneses-balss_01-150x150.jpg 150w\" sizes=\"(max-width: 324px) 100vw, 324px\" \/><h2 class=\"woocommerce-loop-product__title\">Kokneses balss<\/h2>\n\t<span class=\"price\"><span class=\"woocommerce-Price-amount amount\"><bdi>10.00&nbsp;<span class=\"woocommerce-Price-currencySymbol\">&euro;<\/span><\/bdi><\/span> <small class=\"woocommerce-price-suffix\">iesk. PVN<\/small><\/span>\n<\/a><a href=\"https:\/\/lauska.lv\/veikals\/Preces\/kokneses-balss\/\" data-quantity=\"1\" class=\"button product_type_simple\" data-product_id=\"1200\" data-product_sku=\"2014 CD050\" aria-label=\"Read more about &ldquo;Kokneses balss&rdquo;\" aria-describedby=\"\" rel=\"nofollow\">Skat\u012bt<\/a><\/li>\n<\/ul>\n<\/div>\n\r\n\r\n\r\n<h2 class=\"wp-block-heading\" style=\"text-align:center\">Video<\/h2>\r\n\r\n\r\n\r\n<hr class=\"wp-block-separator\"\/>\r\n","protected":false},"excerpt":{"rendered":"<p>Published by lauska Video<\/p>\n","protected":false},"author":2,"featured_media":0,"parent":222,"menu_order":0,"comment_status":"closed","ping_status":"closed","template":"page-group.php","meta":{"jetpack_post_was_ever_published":false,"footnotes":""},"categories":[589,626],"tags":[],"jetpack_sharing_enabled":true,"_links":{"self":[{"href":"https:\/\/lauska.lv\/veikals\/wp-json\/wp\/v2\/pages\/2249"}],"collection":[{"href":"https:\/\/lauska.lv\/veikals\/wp-json\/wp\/v2\/pages"}],"about":[{"href":"https:\/\/lauska.lv\/veikals\/wp-json\/wp\/v2\/types\/page"}],"author":[{"embeddable":true,"href":"https:\/\/lauska.lv\/veikals\/wp-json\/wp\/v2\/users\/2"}],"replies":[{"embeddable":true,"href":"https:\/\/lauska.lv\/veikals\/wp-json\/wp\/v2\/comments?post=2249"}],"version-history":[{"count":1,"href":"https:\/\/lauska.lv\/veikals\/wp-json\/wp\/v2\/pages\/2249\/revisions"}],"predecessor-version":[{"id":2624,"href":"https:\/\/lauska.lv\/veikals\/wp-json\/wp\/v2\/pages\/2249\/revisions\/2624"}],"up":[{"embeddable":true,"href":"https:\/\/lauska.lv\/veikals\/wp-json\/wp\/v2\/pages\/222"}],"wp:attachment":[{"href":"https:\/\/lauska.lv\/veikals\/wp-json\/wp\/v2\/media?parent=2249"}],"wp:term":[{"taxonomy":"category","embeddable":true,"href":"https:\/\/lauska.lv\/veikals\/wp-json\/wp\/v2\/categories?post=2249"},{"taxonomy":"post_tag","embeddable":true,"href":"https:\/\/lauska.lv\/veikals\/wp-json\/wp\/v2\/tags?post=2249"}],"curies":[{"name":"wp","href":"https:\/\/api.w.org\/{rel}","templated":true}]}}