{"id":18373,"date":"2024-02-17T08:58:32","date_gmt":"2024-02-17T06:58:32","guid":{"rendered":"https:\/\/lauska.lv\/veikals\/?page_id=18373"},"modified":"2024-02-17T08:58:36","modified_gmt":"2024-02-17T06:58:36","slug":"jora","status":"publish","type":"page","link":"https:\/\/lauska.lv\/veikals\/makslinieki-2\/jora\/","title":{"rendered":"J\u014cRA"},"content":{"rendered":"\n<h2 class=\"wp-block-heading\">J\u014cRA<\/h2>\n\n\n\n<figure class=\"wp-block-image size-full is-resized\"><img fetchpriority=\"high\" decoding=\"async\" width=\"1000\" height=\"666\" src=\"https:\/\/lauska.lv\/veikals\/wp-content\/uploads\/sites\/6\/2024\/02\/mazinats.jpg\" alt=\"\" class=\"wp-image-18374\" style=\"width:500px\" srcset=\"https:\/\/lauska.lv\/veikals\/wp-content\/uploads\/sites\/6\/2024\/02\/mazinats.jpg 1000w, https:\/\/lauska.lv\/veikals\/wp-content\/uploads\/sites\/6\/2024\/02\/mazinats-300x200.jpg 300w, https:\/\/lauska.lv\/veikals\/wp-content\/uploads\/sites\/6\/2024\/02\/mazinats-768x511.jpg 768w, https:\/\/lauska.lv\/veikals\/wp-content\/uploads\/sites\/6\/2024\/02\/mazinats-416x277.jpg 416w\" sizes=\"(max-width: 1000px) 100vw, 1000px\" \/><\/figure>\n\n\n\n<p><strong>D\u0101rta Drava<\/strong> vijole, balss<br><strong>Lauma Matule<\/strong> kokle, virsto\u0146u flauta, stabule, balss<br><strong>Ivars \u0160tubis<\/strong> \u0123it\u0101ra, bass, balss<br><strong>Kalvis V\u012btols<\/strong> perkusijas, balss<\/p>\n\n\n\n<p>J\u014cRA ir pasaules m\u016bzikas grupa no Latvijas, kuru m\u016bzik\u0101 dzirdama Baltijas, Skandin\u0101vijas un citu re\u0123ionu tautu tradicion\u0101l\u0101s melodijas un ori\u0123in\u0101lkompoz\u012bcijas. \u201cJ\u014cRA\u201d l\u012bbie\u0161u valod\u0101 noz\u012bm\u0113 \u201cezers\u201d. \u0160\u0101ds nosaukums simboliz\u0113 \u016bde\u0146us, kuri savieno teritorijas un da\u017e\u0101dus re\u0123ionus l\u012bdz\u012bgi k\u0101 J\u014cRA to dara sav\u0101 m\u016bzik\u0101.<br>Grupa izveidojusies 2020. gad\u0101. Grupa l\u012bdz \u0161im izdevusi mazalbumu \u201cAt\u012bdami\u201d un divus singlus \u2013 \u201cOj, Agri\u201d, kas iek\u013cauts etno m\u016bzikas izlas\u0113 \u201cSviests\u201d un \u201cDancoj visu J\u0101\u0146u nakti\u201d, kuru var dzird\u0113t nacion\u0101lo ieraktu komp\u0101nijas SKANi etnisk\u0101s m\u016bzikas izlas\u0113 \u201cNative Music 17\u201d. 2023. gada decembr\u012b ir izn\u0101cis ar\u012b pirmais pilnmetr\u0101\u017eas albums \u201cTatata\u201d.<\/p>\n\n\n<div class=\"woocommerce columns-4 \"><ul class=\"products columns-4\">\n<li class=\"product type-product post-18079 status-publish first instock product_cat-auli product_cat-banga product_cat-dardi product_cat-jora product_cat-lausa product_cat-muktupavels-valdis product_cat-rahu-the-fool product_cat-rava product_cat-saucejas product_cat-sviests product_cat-tautumeitas product_cat-tkp product_tag-722 has-post-thumbnail taxable shipping-taxable purchasable product-type-simple\">\n\t<a href=\"https:\/\/lauska.lv\/veikals\/Preces\/sviests-9\/\" class=\"woocommerce-LoopProduct-link woocommerce-loop-product__link\"><img decoding=\"async\" width=\"324\" height=\"324\" src=\"https:\/\/lauska.lv\/veikals\/wp-content\/uploads\/sites\/6\/2022\/04\/Sviests-9-3000x3000-lo-res-scaled-324x324.jpg\" class=\"attachment-woocommerce_thumbnail size-woocommerce_thumbnail\" alt=\"\" srcset=\"https:\/\/lauska.lv\/veikals\/wp-content\/uploads\/sites\/6\/2022\/04\/Sviests-9-3000x3000-lo-res-324x324.jpg 324w, https:\/\/lauska.lv\/veikals\/wp-content\/uploads\/sites\/6\/2022\/04\/Sviests-9-3000x3000-lo-res-100x100.jpg 100w, https:\/\/lauska.lv\/veikals\/wp-content\/uploads\/sites\/6\/2022\/04\/Sviests-9-3000x3000-lo-res-416x416.jpg 416w, https:\/\/lauska.lv\/veikals\/wp-content\/uploads\/sites\/6\/2022\/04\/Sviests-9-3000x3000-lo-res-300x300.jpg 300w, https:\/\/lauska.lv\/veikals\/wp-content\/uploads\/sites\/6\/2022\/04\/Sviests-9-3000x3000-lo-res-1024x1024.jpg 1024w, https:\/\/lauska.lv\/veikals\/wp-content\/uploads\/sites\/6\/2022\/04\/Sviests-9-3000x3000-lo-res-150x150.jpg 150w, https:\/\/lauska.lv\/veikals\/wp-content\/uploads\/sites\/6\/2022\/04\/Sviests-9-3000x3000-lo-res-768x768.jpg 768w, https:\/\/lauska.lv\/veikals\/wp-content\/uploads\/sites\/6\/2022\/04\/Sviests-9-3000x3000-lo-res-1536x1536.jpg 1536w, https:\/\/lauska.lv\/veikals\/wp-content\/uploads\/sites\/6\/2022\/04\/Sviests-9-3000x3000-lo-res-2048x2048.jpg 2048w, https:\/\/lauska.lv\/veikals\/wp-content\/uploads\/sites\/6\/2022\/04\/Sviests-9-3000x3000-lo-res-600x600.jpg 600w\" sizes=\"(max-width: 324px) 100vw, 324px\" \/><h2 class=\"woocommerce-loop-product__title\">SVIESTS 9<\/h2>\n\t<span class=\"price\"><span class=\"woocommerce-Price-amount amount\"><bdi>10.00&nbsp;<span class=\"woocommerce-Price-currencySymbol\">&euro;<\/span><\/bdi><\/span> <small class=\"woocommerce-price-suffix\">iesk. PVN<\/small><\/span>\n<\/a><a href=\"?add-to-cart=18079\" data-quantity=\"1\" class=\"button product_type_simple add_to_cart_button ajax_add_to_cart\" data-product_id=\"18079\" data-product_sku=\"2022 CD098\" aria-label=\"Add to cart: &ldquo;SVIESTS 9&rdquo;\" aria-describedby=\"\" rel=\"nofollow\">+<\/a><\/li>\n<\/ul>\n<\/div>\n\n\n\n<figure class=\"wp-block-embed is-type-video is-provider-youtube wp-block-embed-youtube wp-embed-aspect-16-9 wp-has-aspect-ratio\"><div class=\"wp-block-embed__wrapper\">\n<span class=\"embed-youtube\" style=\"text-align:center; display: block;\"><iframe class=\"youtube-player\" width=\"980\" height=\"552\" src=\"https:\/\/www.youtube.com\/embed\/BxbIoV_J-MU?version=3&#038;rel=1&#038;showsearch=0&#038;showinfo=1&#038;iv_load_policy=1&#038;fs=1&#038;hl=lv-LV&#038;autohide=2&#038;wmode=transparent\" allowfullscreen=\"true\" style=\"border:0;\" sandbox=\"allow-scripts allow-same-origin allow-popups allow-presentation allow-popups-to-escape-sandbox\"><\/iframe><\/span>\n<\/div><\/figure>\n","protected":false},"excerpt":{"rendered":"<p>J\u014cRA D\u0101rta Drava vijole, balssLauma Matule kokle, virsto\u0146u flauta, stabule, balssIvars \u0160tubis \u0123it\u0101ra, bass, balssKalvis V\u012btols perkusijas, balss J\u014cRA ir pasaules m\u016bzikas grupa no Latvijas, kuru m\u016bzik\u0101 dzirdama Baltijas, Skandin\u0101vijas un citu re\u0123ionu tautu tradicion\u0101l\u0101s melodijas un ori\u0123in\u0101lkompoz\u012bcijas. \u201cJ\u014cRA\u201d l\u012bbie\u0161u valod\u0101 noz\u012bm\u0113 \u201cezers\u201d. \u0160\u0101ds nosaukums simboliz\u0113 \u016bde\u0146us, kuri savieno teritorijas un da\u017e\u0101dus re\u0123ionus l\u012bdz\u012bgi k\u0101 [&hellip;]<\/p>\n","protected":false},"author":1,"featured_media":0,"parent":218,"menu_order":0,"comment_status":"closed","ping_status":"closed","template":"page-group.php","meta":{"jetpack_post_was_ever_published":false,"footnotes":""},"categories":[559,569],"tags":[],"jetpack_sharing_enabled":true,"_links":{"self":[{"href":"https:\/\/lauska.lv\/veikals\/wp-json\/wp\/v2\/pages\/18373"}],"collection":[{"href":"https:\/\/lauska.lv\/veikals\/wp-json\/wp\/v2\/pages"}],"about":[{"href":"https:\/\/lauska.lv\/veikals\/wp-json\/wp\/v2\/types\/page"}],"author":[{"embeddable":true,"href":"https:\/\/lauska.lv\/veikals\/wp-json\/wp\/v2\/users\/1"}],"replies":[{"embeddable":true,"href":"https:\/\/lauska.lv\/veikals\/wp-json\/wp\/v2\/comments?post=18373"}],"version-history":[{"count":1,"href":"https:\/\/lauska.lv\/veikals\/wp-json\/wp\/v2\/pages\/18373\/revisions"}],"predecessor-version":[{"id":18377,"href":"https:\/\/lauska.lv\/veikals\/wp-json\/wp\/v2\/pages\/18373\/revisions\/18377"}],"up":[{"embeddable":true,"href":"https:\/\/lauska.lv\/veikals\/wp-json\/wp\/v2\/pages\/218"}],"wp:attachment":[{"href":"https:\/\/lauska.lv\/veikals\/wp-json\/wp\/v2\/media?parent=18373"}],"wp:term":[{"taxonomy":"category","embeddable":true,"href":"https:\/\/lauska.lv\/veikals\/wp-json\/wp\/v2\/categories?post=18373"},{"taxonomy":"post_tag","embeddable":true,"href":"https:\/\/lauska.lv\/veikals\/wp-json\/wp\/v2\/tags?post=18373"}],"curies":[{"name":"wp","href":"https:\/\/api.w.org\/{rel}","templated":true}]}}