{"id":1377,"date":"2018-08-28T12:47:52","date_gmt":"2018-08-28T09:47:52","guid":{"rendered":"http:\/\/lauska.lv\/veikals\/makslinieki\/trakula"},"modified":"2018-09-26T20:04:22","modified_gmt":"2018-09-26T17:04:22","slug":"trakula","status":"publish","type":"page","link":"https:\/\/lauska.lv\/veikals\/makslinieki-2\/trakula\/","title":{"rendered":"Trakula"},"content":{"rendered":"\n<div class=\"wp-block-organic-profile-block\"><div class=\"organic-profile-content-title\"><nameartist>Trakula<\/nameartist><hr\/><\/div><div class=\"organic-profile-content-flex\" style=\"text-align:left\"><div class=\"organic-profile-image\" style=\"background-image:url(http:\/\/lauska.lv\/veikalsbeta\/wp-content\/uploads\/sites\/6\/2018\/08\/Group_Trakula.jpg)\"><img decoding=\"async\" src=\"http:\/\/lauska.lv\/veikalsbeta\/wp-content\/uploads\/sites\/6\/2018\/08\/Group_Trakula.jpg\"\/><\/div><div class=\"organic-profile-content\" style=\"text-align:left\"><p><strong>Oksana Gotlube<\/strong>\u00a0balss, duduks<br\/><strong>L\u012bga Jelevi\u010da<\/strong>\u00a0balss, vijole<br\/><strong>M\u0101ra \u0100boli\u0146a\u00a0<\/strong>balss<br\/><strong>M\u0101ris J\u0113kabsons<\/strong>\u00a0balss, d\u016bdas<br\/><strong>Kaspars Indr\u0113vics<\/strong>\u00a0perkusijas<br\/><strong>Lenards Gotlubs<\/strong>\u00a0viduslaiku lauta<br\/><br\/>Ansamblis \u201cTrakula\u201d dibin\u0101ts 2007.gada pavasar\u012b, ta\u010du vairums \u0161\u012bs grupas m\u016bzi\u0137u sp\u0113l\u0113ju\u0161i kop\u0101 jau iepriek\u0161 da\u017e\u0101du grupu un projektu ietvaros. \u201eTrakula\u201d izpilda viduslaiku un renesanses m\u016bziku no visas Eiropas un Tuvajiem austrumiem. M\u016bzi\u0137i koncertos izmanto attiec\u012bg\u0101 laikmeta t\u0113rpus un instrumentus, no kuriem daudzi ir pa\u0161u gatavoti. Otru ansamb\u013ca repertu\u0101ra da\u013cu veido da\u017e\u0101du tautu, \u012bpa\u0161i ung\u0101ru, tradicion\u0101l\u0101 m\u016bzika, un p\u0113d\u0113j\u0101 laik\u0101 \u201eTrakula\u201d piev\u0113rsusies ar\u012b latvie\u0161u tautas m\u016bzikas mantojumam.<br\/><\/p><div class=\"organic-profile-social\"><a class=\"social-link\" href=\"https:\/\/www.facebook.com\/Trakula-100258763379748\/?fref=ts\" target=\"_blank\"><i class=\"fab fa-facebook-f\"><\/i><\/a><a class=\"social-link\" href=\"https:\/\/www.draugiem.lv\/trakula\/\" target=\"_blank\"><i class=\"fas fa-link\"><\/i><\/a><\/div><\/div><\/div><\/div>\n\n\n\n<h2 class=\"wp-block-heading\">Video<\/h2>\n\n\n\n<hr class=\"wp-block-separator\"\/>\n\n\n\n<figure class=\"wp-block-embed-youtube wp-block-embed is-type-video is-provider-youtube\">\n<span class=\"embed-youtube\" style=\"text-align:center; display: block;\"><iframe class=\"youtube-player\" width=\"980\" height=\"552\" src=\"https:\/\/www.youtube.com\/embed\/8C7xXLd-cFw?version=3&#038;rel=1&#038;showsearch=0&#038;showinfo=1&#038;iv_load_policy=1&#038;fs=1&#038;hl=lv-LV&#038;autohide=2&#038;wmode=transparent&#038;listType=playlist&#038;list=PLlzUjSgLpT4xR0MUef7Ie_oyjSgucBNDY\" allowfullscreen=\"true\" style=\"border:0;\" sandbox=\"allow-scripts allow-same-origin allow-popups allow-presentation allow-popups-to-escape-sandbox\"><\/iframe><\/span>\n<\/figure>\n","protected":false},"excerpt":{"rendered":"<p>Video<\/p>\n","protected":false},"author":2,"featured_media":0,"parent":218,"menu_order":0,"comment_status":"closed","ping_status":"closed","template":"page-group.php","meta":{"jetpack_post_was_ever_published":false,"footnotes":""},"categories":[559,579],"tags":[],"jetpack_sharing_enabled":true,"_links":{"self":[{"href":"https:\/\/lauska.lv\/veikals\/wp-json\/wp\/v2\/pages\/1377"}],"collection":[{"href":"https:\/\/lauska.lv\/veikals\/wp-json\/wp\/v2\/pages"}],"about":[{"href":"https:\/\/lauska.lv\/veikals\/wp-json\/wp\/v2\/types\/page"}],"author":[{"embeddable":true,"href":"https:\/\/lauska.lv\/veikals\/wp-json\/wp\/v2\/users\/2"}],"replies":[{"embeddable":true,"href":"https:\/\/lauska.lv\/veikals\/wp-json\/wp\/v2\/comments?post=1377"}],"version-history":[{"count":1,"href":"https:\/\/lauska.lv\/veikals\/wp-json\/wp\/v2\/pages\/1377\/revisions"}],"predecessor-version":[{"id":1381,"href":"https:\/\/lauska.lv\/veikals\/wp-json\/wp\/v2\/pages\/1377\/revisions\/1381"}],"up":[{"embeddable":true,"href":"https:\/\/lauska.lv\/veikals\/wp-json\/wp\/v2\/pages\/218"}],"wp:attachment":[{"href":"https:\/\/lauska.lv\/veikals\/wp-json\/wp\/v2\/media?parent=1377"}],"wp:term":[{"taxonomy":"category","embeddable":true,"href":"https:\/\/lauska.lv\/veikals\/wp-json\/wp\/v2\/categories?post=1377"},{"taxonomy":"post_tag","embeddable":true,"href":"https:\/\/lauska.lv\/veikals\/wp-json\/wp\/v2\/tags?post=1377"}],"curies":[{"name":"wp","href":"https:\/\/api.w.org\/{rel}","templated":true}]}}