{"id":1293,"date":"2018-08-28T12:01:57","date_gmt":"2018-08-28T09:01:57","guid":{"rendered":"http:\/\/lauska.lv\/veikals\/makslinieki\/sula"},"modified":"2018-10-05T01:56:41","modified_gmt":"2018-10-04T22:56:41","slug":"sula","status":"publish","type":"page","link":"https:\/\/lauska.lv\/veikals\/makslinieki-2\/sula\/","title":{"rendered":"SulA"},"content":{"rendered":"\n<div class=\"wp-block-organic-profile-block\"><div class=\"organic-profile-content-title\"><nameartist>SulA<\/nameartist><hr\/><\/div><div class=\"organic-profile-content-flex\" style=\"text-align:left\"><div class=\"organic-profile-image\" style=\"background-image:url(http:\/\/lauska.lv\/veikalsbeta\/wp-content\/uploads\/sites\/6\/2018\/08\/Group_Sula.jpg)\"><img decoding=\"async\" src=\"http:\/\/lauska.lv\/veikalsbeta\/wp-content\/uploads\/sites\/6\/2018\/08\/Group_Sula.jpg\"\/><\/div><div class=\"organic-profile-content\" style=\"text-align:left\"><p><strong>Ilona Hanina<\/strong>\u00a0balss, perkusija<br\/><strong>Sandra Kl\u0101vi\u0146a<\/strong>\u00a0balss<br\/><strong>Daina M\u016brniece<\/strong>\u00a0balss<br\/><strong>Daira Puga\u010de<\/strong>\u00a0balss<br\/><strong>Maija K\u013cavi\u0146a<\/strong>\u00a0balss, flautas<br\/><strong>Eduards Dubra<\/strong>\u00a0perkusijas<br\/><strong>Eduards Plank\u0101js<\/strong>\u00a0balss, \u0123it\u0101ra<br\/><strong>Em\u012bls Zonne<\/strong>\u00a0balss, stabules<br\/><br\/>Postfolkloras grupa, kur\u0101 apvienoju\u0161ies R\u012bg\u0101 stud\u0113jo\u0161i jaunie\u0161i. Reiz satiekoties folkklub\u0101 ALA vi\u0146i nol\u0113ma kop\u012bgi muzic\u0113t, \u013caujot katram izpaust savus \u012bpa\u0161os talantus.<br\/>\u201e\u201csulA ari ira Alus\u201d \u2013 t\u0101da ir ar\u012b m\u016bsu m\u016bzika \u2013 no ab\u0101m pus\u0113m las\u0101ma.<br\/>M\u0113s esam jauni, rado\u0161i \u013caudis, kas ar\u012b trad\u012bciju tiecas izzin\u0101t da\u017e\u0101di.<br\/>M\u016bs vieno ne tikai m\u016bzika, bet ar\u012b draudz\u012bba, un tik\u0161an\u0101s reiz\u0113s, ja k\u0101ds no mums ir uzr\u016bdzis vai at\u0161\u0101l\u0113jies, veldzi rodam, br\u016bv\u0113jot dziesmas un reibstot no saldenr\u016bgt\u0101s gar\u0161as, kuras recepte ir glu\u017ei vienk\u0101r\u0161a \u2013 senais un m\u016bsdien\u012bgais, apvienots sul\u012bg\u0101 skan\u0113jum\u0101.\u201d<br\/><\/p><div class=\"organic-profile-social\"><\/div><\/div><\/div><\/div>\n\n\n<div class=\"woocommerce columns-4 \"><ul class=\"products columns-4\">\n<li class=\"product type-product post-1206 status-publish first instock product_cat-alijeva-leila product_cat-auli product_cat-dirzininkas-andris product_cat-grunte-andris product_cat-jansone-laima product_cat-katalogs product_cat-lans product_cat-lata-donga product_cat-los-daugavas-nens product_cat-masas-dimantas product_cat-nepieradinata-folka-orkestris product_cat-orubs-artis product_cat-otava-yo product_cat-perkonviri product_cat-post-folks product_cat-pulsa-efekts product_cat-ruzupis-veiri product_cat-skaistkalnes-puteji product_cat-skyforger product_cat-sula product_cat-sviests product_cat-tarkski product_cat-vecpilsetas-dziedataji product_cat-vejam-kabata product_cat-vetras-saites product_cat-zanri product_tag-41 has-post-thumbnail taxable shipping-taxable purchasable product-type-simple\">\n\t<a href=\"https:\/\/lauska.lv\/veikals\/Preces\/sviests-v\/\" class=\"woocommerce-LoopProduct-link woocommerce-loop-product__link\"><img fetchpriority=\"high\" decoding=\"async\" width=\"324\" height=\"324\" src=\"https:\/\/lauska.lv\/veikals\/wp-content\/uploads\/sites\/6\/2018\/08\/Cover_Sviests_V_01-324x324.jpg\" class=\"attachment-woocommerce_thumbnail size-woocommerce_thumbnail\" alt=\"\" srcset=\"https:\/\/lauska.lv\/veikals\/wp-content\/uploads\/sites\/6\/2018\/08\/Cover_Sviests_V_01-324x324.jpg 324w, https:\/\/lauska.lv\/veikals\/wp-content\/uploads\/sites\/6\/2018\/08\/Cover_Sviests_V_01-100x100.jpg 100w, https:\/\/lauska.lv\/veikals\/wp-content\/uploads\/sites\/6\/2018\/08\/Cover_Sviests_V_01-416x416.jpg 416w, https:\/\/lauska.lv\/veikals\/wp-content\/uploads\/sites\/6\/2018\/08\/Cover_Sviests_V_01-150x150.jpg 150w, https:\/\/lauska.lv\/veikals\/wp-content\/uploads\/sites\/6\/2018\/08\/Cover_Sviests_V_01-300x300.jpg 300w, https:\/\/lauska.lv\/veikals\/wp-content\/uploads\/sites\/6\/2018\/08\/Cover_Sviests_V_01-768x767.jpg 768w, https:\/\/lauska.lv\/veikals\/wp-content\/uploads\/sites\/6\/2018\/08\/Cover_Sviests_V_01.jpg 880w\" sizes=\"(max-width: 324px) 100vw, 324px\" \/><h2 class=\"woocommerce-loop-product__title\">SVIESTS V<\/h2>\n\t<span class=\"price\"><span class=\"woocommerce-Price-amount amount\"><bdi>10.00&nbsp;<span class=\"woocommerce-Price-currencySymbol\">&euro;<\/span><\/bdi><\/span> <small class=\"woocommerce-price-suffix\">iesk. PVN<\/small><\/span>\n<\/a><a href=\"?add-to-cart=1206\" data-quantity=\"1\" class=\"button product_type_simple add_to_cart_button ajax_add_to_cart\" data-product_id=\"1206\" data-product_sku=\"2013 CD043\" aria-label=\"Add to cart: &ldquo;SVIESTS V&rdquo;\" aria-describedby=\"\" rel=\"nofollow\">+<\/a><\/li>\n<\/ul>\n<\/div>\n","protected":false},"excerpt":{"rendered":"","protected":false},"author":2,"featured_media":0,"parent":218,"menu_order":0,"comment_status":"closed","ping_status":"closed","template":"page-group.php","meta":{"jetpack_post_was_ever_published":false,"footnotes":""},"categories":[559,578],"tags":[],"jetpack_sharing_enabled":true,"_links":{"self":[{"href":"https:\/\/lauska.lv\/veikals\/wp-json\/wp\/v2\/pages\/1293"}],"collection":[{"href":"https:\/\/lauska.lv\/veikals\/wp-json\/wp\/v2\/pages"}],"about":[{"href":"https:\/\/lauska.lv\/veikals\/wp-json\/wp\/v2\/types\/page"}],"author":[{"embeddable":true,"href":"https:\/\/lauska.lv\/veikals\/wp-json\/wp\/v2\/users\/2"}],"replies":[{"embeddable":true,"href":"https:\/\/lauska.lv\/veikals\/wp-json\/wp\/v2\/comments?post=1293"}],"version-history":[{"count":3,"href":"https:\/\/lauska.lv\/veikals\/wp-json\/wp\/v2\/pages\/1293\/revisions"}],"predecessor-version":[{"id":3280,"href":"https:\/\/lauska.lv\/veikals\/wp-json\/wp\/v2\/pages\/1293\/revisions\/3280"}],"up":[{"embeddable":true,"href":"https:\/\/lauska.lv\/veikals\/wp-json\/wp\/v2\/pages\/218"}],"wp:attachment":[{"href":"https:\/\/lauska.lv\/veikals\/wp-json\/wp\/v2\/media?parent=1293"}],"wp:term":[{"taxonomy":"category","embeddable":true,"href":"https:\/\/lauska.lv\/veikals\/wp-json\/wp\/v2\/categories?post=1293"},{"taxonomy":"post_tag","embeddable":true,"href":"https:\/\/lauska.lv\/veikals\/wp-json\/wp\/v2\/tags?post=1293"}],"curies":[{"name":"wp","href":"https:\/\/api.w.org\/{rel}","templated":true}]}}